Last updated on 2024-07-01 01:49:11 CEST.
Flavor | Version | Tinstall | Tcheck | Ttotal | Status | Flags |
---|---|---|---|---|---|---|
r-devel-linux-x86_64-debian-clang | 0.23 | 783.22 | 52.97 | 836.19 | OK | |
r-devel-linux-x86_64-debian-gcc | 0.23 | 628.41 | 47.57 | 675.98 | OK | |
r-devel-linux-x86_64-fedora-clang | 0.23 | 1373.73 | OK | |||
r-devel-linux-x86_64-fedora-gcc | 0.23 | 1503.60 | OK | |||
r-devel-windows-x86_64 | 0.23 | 460.00 | 129.00 | 589.00 | OK | |
r-patched-linux-x86_64 | 0.22.2 | 726.89 | 60.01 | 786.90 | OK | |
r-release-linux-x86_64 | 0.23 | 725.26 | 60.35 | 785.61 | OK | |
r-release-macos-arm64 | 0.23 | 259.00 | NOTE | |||
r-release-macos-x86_64 | 0.23 | 259.00 | NOTE | |||
r-release-windows-x86_64 | 0.23 | 536.00 | 112.00 | 648.00 | OK | |
r-oldrel-macos-arm64 | 0.23 | 256.00 | NOTE | |||
r-oldrel-macos-x86_64 | 0.23 | 264.00 | NOTE | |||
r-oldrel-windows-x86_64 | 0.23 | 783.00 | 133.00 | 916.00 | OK |
Version: 0.23
Check: installed package size
Result: NOTE
installed size is 47.7Mb
sub-directories of 1Mb or more:
libs 46.5Mb
Flavors: r-release-macos-arm64, r-release-macos-x86_64, r-oldrel-macos-arm64, r-oldrel-macos-x86_64