Last updated on 2024-06-14 13:56:31 CEST.
Flavor | Version | Tinstall | Tcheck | Ttotal | Status | Flags |
---|---|---|---|---|---|---|
r-devel-linux-x86_64-debian-clang | 1.2.2 | 38.65 | 334.63 | 373.28 | OK | |
r-devel-linux-x86_64-debian-gcc | 1.2.2 | 33.49 | 251.55 | 285.04 | OK | |
r-devel-linux-x86_64-fedora-clang | 1.2.2 | 485.29 | NOTE | |||
r-devel-linux-x86_64-fedora-gcc | 1.2.2 | 317.24 | OK | |||
r-devel-windows-x86_64 | 1.2.2 | 31.00 | 216.00 | 247.00 | OK | |
r-patched-linux-x86_64 | 1.2.2 | 24.59 | 317.17 | 341.76 | OK | |
r-release-linux-x86_64 | 1.2.2 | 24.05 | 313.44 | 337.49 | OK | |
r-release-macos-arm64 | 1.2.2 | 5.00 | ERROR | |||
r-release-macos-x86_64 | 1.2.2 | 293.00 | NOTE | |||
r-release-windows-x86_64 | 1.2.2 | 32.00 | 220.00 | 252.00 | OK | |
r-oldrel-macos-arm64 | 1.2.2 | 136.00 | NOTE | |||
r-oldrel-macos-x86_64 | 1.2.2 | 288.00 | NOTE | |||
r-oldrel-windows-x86_64 | 1.2.2 | 41.00 | 289.00 | 330.00 | OK |
Version: 1.2.2
Check: Rd cross-references
Result: NOTE
Undeclared package ‘distrEx’ in Rd xrefs
Flavor: r-devel-linux-x86_64-fedora-clang
Version: 1.2.2
Check: package dependencies
Result: ERROR
Package required but not available: ‘beadarray’
Packages suggested but not available for checking:
'affydata', 'hgu95av2cdf', 'beadarrayExampleData',
'illuminaHumanv3.db'
See section ‘The DESCRIPTION file’ in the ‘Writing R Extensions’
manual.
Flavor: r-release-macos-arm64
Version: 1.2.2
Check: package dependencies
Result: NOTE
Package suggested but not available for checking: ‘illuminaHumanv3.db’
Flavor: r-release-macos-x86_64
Version: 1.2.2
Check: package dependencies
Result: NOTE
Packages suggested but not available for checking:
'affydata', 'hgu95av2cdf', 'beadarrayExampleData',
'illuminaHumanv3.db'
Flavors: r-oldrel-macos-arm64, r-oldrel-macos-x86_64