Last updated on 2024-07-18 01:55:41 CEST.
Flavor | Version | Tinstall | Tcheck | Ttotal | Status | Flags |
---|---|---|---|---|---|---|
r-devel-linux-x86_64-debian-clang | 0.9-5 | 30.43 | 227.89 | 258.32 | OK | |
r-devel-linux-x86_64-debian-gcc | 0.9-5 | 20.08 | 160.79 | 180.87 | OK | |
r-devel-linux-x86_64-fedora-clang | 0.9-5 | 308.41 | OK | |||
r-devel-linux-x86_64-fedora-gcc | 0.9-5 | 323.99 | OK | |||
r-devel-windows-x86_64 | 0.9-5 | 22.00 | 230.00 | 252.00 | NOTE | |
r-patched-linux-x86_64 | 0.9-5 | 34.58 | 216.26 | 250.84 | OK | |
r-release-linux-x86_64 | 0.9-5 | 21.50 | 216.20 | 237.70 | OK | |
r-release-macos-arm64 | 0.9-5 | 93.00 | OK | |||
r-release-macos-x86_64 | 0.9-5 | 177.00 | OK | |||
r-release-windows-x86_64 | 0.9-5 | 23.00 | 232.00 | 255.00 | OK | |
r-oldrel-macos-arm64 | 0.9-5 | 108.00 | OK | |||
r-oldrel-macos-x86_64 | 0.9-5 | 270.00 | OK | |||
r-oldrel-windows-x86_64 | 0.9-5 | 28.00 | 252.00 | 280.00 | OK |
Version: 0.9-5
Check: Rd cross-references
Result: NOTE
Found the following Rd file(s) with Rd \link{} targets missing package
anchors:
mpfr-class.Rd: is.whole
mpfr-utils.Rd: asNumeric
mpfr.Rd: asNumeric
mpfrArray.Rd: asNumeric
mpfrMatrix-utils.Rd: asNumeric
pbetaI.Rd: bigq
utils.Rd: is.whole
Please provide package anchors for all Rd \link{} targets not in the
package itself and the base packages.
Flavor: r-devel-windows-x86_64