Last updated on 2025-07-04 00:50:15 CEST.
Flavor | Version | Tinstall | Tcheck | Ttotal | Status | Flags |
---|---|---|---|---|---|---|
r-devel-linux-x86_64-debian-clang | 1.0.1 | 6.79 | 63.42 | 70.21 | NOTE | |
r-devel-linux-x86_64-debian-gcc | 1.0.1 | 5.36 | 47.89 | 53.25 | NOTE | |
r-devel-linux-x86_64-fedora-clang | 1.0.1 | 108.46 | OK | |||
r-devel-linux-x86_64-fedora-gcc | 1.0.1 | 105.97 | OK | |||
r-devel-windows-x86_64 | 1.0.1 | 8.00 | 77.00 | 85.00 | OK | |
r-patched-linux-x86_64 | 1.0.1 | 7.63 | 60.85 | 68.48 | OK | |
r-release-linux-x86_64 | 1.0.1 | 7.94 | 61.08 | 69.02 | OK | |
r-release-macos-arm64 | 1.0.1 | 33.00 | OK | |||
r-release-macos-x86_64 | 1.0.1 | 55.00 | OK | |||
r-release-windows-x86_64 | 1.0.1 | 8.00 | 78.00 | 86.00 | OK | |
r-oldrel-macos-arm64 | 1.0.1 | 33.00 | OK | |||
r-oldrel-macos-x86_64 | 1.0.1 | 45.00 | OK | |||
r-oldrel-windows-x86_64 | 1.0.1 | 11.00 | 93.00 | 104.00 | OK |
Version: 1.0.1
Check: CRAN incoming feasibility
Result: NOTE
Maintainer: ‘Hyungsuk Tak <hyungsuk.tak@gmail.com>’
No Authors@R field in DESCRIPTION.
Please add one, modifying
Authors@R: c(person(given = "Hyungsuk",
family = "Tak",
role = c("aut", "cre"),
email = "hyungsuk.tak@gmail.com"),
person(given = "Kisung",
family = "You",
role = "aut"),
person(given = c("Sujit", "K."),
family = "Ghosh",
role = "aut"),
person(given = "Bingyue",
family = "Su",
role = "aut"))
as necessary.
Flavors: r-devel-linux-x86_64-debian-clang, r-devel-linux-x86_64-debian-gcc