Last updated on 2024-07-18 01:55:40 CEST.
Flavor | Version | Tinstall | Tcheck | Ttotal | Status | Flags |
---|---|---|---|---|---|---|
r-devel-linux-x86_64-debian-clang | 0.0.17 | 76.49 | 33.48 | 109.97 | OK | |
r-devel-linux-x86_64-debian-gcc | 0.0.17 | 65.38 | 25.52 | 90.90 | OK | |
r-devel-linux-x86_64-fedora-clang | 0.0.17 | 133.49 | OK | |||
r-devel-linux-x86_64-fedora-gcc | 0.0.17 | 196.43 | OK | |||
r-devel-windows-x86_64 | 0.0.17 | 67.00 | 82.00 | 149.00 | OK | |
r-patched-linux-x86_64 | 0.0.17 | 71.86 | 32.31 | 104.17 | OK | |
r-release-linux-x86_64 | 0.0.17 | 71.50 | 32.16 | 103.66 | OK | |
r-release-macos-arm64 | 0.0.17 | 72.00 | NOTE | |||
r-release-macos-x86_64 | 0.0.17 | 60.00 | NOTE | |||
r-release-windows-x86_64 | 0.0.17 | 66.00 | 83.00 | 149.00 | OK | |
r-oldrel-macos-arm64 | 0.0.17 | 82.00 | NOTE | |||
r-oldrel-macos-x86_64 | 0.0.17 | 119.00 | NOTE | |||
r-oldrel-windows-x86_64 | 0.0.17 | 62.00 | 90.00 | 152.00 | OK |
Version: 0.0.17
Check: installed package size
Result: NOTE
installed size is 6.8Mb
sub-directories of 1Mb or more:
include 1.1Mb
libs 5.4Mb
Flavors: r-release-macos-arm64, r-release-macos-x86_64, r-oldrel-macos-arm64, r-oldrel-macos-x86_64