Last updated on 2025-11-03 12:50:01 CET.
| Flavor | Version | Tinstall | Tcheck | Ttotal | Status | Flags | 
|---|---|---|---|---|---|---|
| r-devel-linux-x86_64-debian-clang | 0.9.13 | 46.76 | 27.94 | 74.70 | NOTE | |
| r-devel-linux-x86_64-debian-gcc | 0.9.13 | 26.29 | 22.49 | 48.78 | NOTE | |
| r-devel-linux-x86_64-fedora-clang | 0.9.13 | 95.00 | 46.24 | 141.24 | OK | |
| r-devel-linux-x86_64-fedora-gcc | 0.9.13 | 76.00 | 48.06 | 124.06 | OK | |
| r-devel-windows-x86_64 | 0.9.13 | 57.00 | 110.00 | 167.00 | OK | |
| r-patched-linux-x86_64 | 0.9.13 | 41.21 | 26.72 | 67.93 | OK | |
| r-release-linux-x86_64 | 0.9.13 | 41.21 | 26.41 | 67.62 | OK | |
| r-release-macos-arm64 | 0.9.13 | 17.00 | 54.00 | 71.00 | OK | |
| r-release-macos-x86_64 | 0.9.13 | 19.00 | 87.00 | 106.00 | OK | |
| r-release-windows-x86_64 | 0.9.13 | 58.00 | 110.00 | 168.00 | OK | |
| r-oldrel-macos-arm64 | 0.9.13 | 22.00 | 38.00 | 60.00 | OK | |
| r-oldrel-macos-x86_64 | 0.9.13 | 20.00 | 72.00 | 92.00 | OK | |
| r-oldrel-windows-x86_64 | 0.9.13 | 59.00 | 143.00 | 202.00 | OK | 
Version: 0.9.13
Check: CRAN incoming feasibility
Result: NOTE
  Maintainer: ‘Dirk Eddelbuettel <edd@debian.org>’
  
  No Authors@R field in DESCRIPTION.
  Please add one, modifying
    Authors@R: c(person(given = "Dirk",
                        family = "Eddelbuettel",
                        role = c("aut", "cre"),
                        email = "edd@debian.org"),
                 person(given = "Romain",
                        family = "Francois",
                        role = "aut"),
                 person(given = c("with", "contributions", "by", "David"),
                        family = "Reiss",
                        role = "aut"),
                 person(given = c("and", "based", "on", "code", "written", "during"),
                        family = "2005",
                        role = "aut"),
                 person(given = c("2006", "by", "Dominick"),
                        family = "Samperi",
                        role = "aut"))
  as necessary.
Flavors: r-devel-linux-x86_64-debian-clang, r-devel-linux-x86_64-debian-gcc