Last updated on 2024-07-18 01:55:42 CEST.
Flavor | Version | Tinstall | Tcheck | Ttotal | Status | Flags |
---|---|---|---|---|---|---|
r-devel-linux-x86_64-debian-clang | 0.4-46 | 10.44 | 113.15 | 123.59 | OK | |
r-devel-linux-x86_64-debian-gcc | 0.4-46 | 7.07 | 82.54 | 89.61 | OK | |
r-devel-linux-x86_64-fedora-clang | 0.4-46 | 155.70 | OK | |||
r-devel-linux-x86_64-fedora-gcc | 0.4-46 | 181.33 | OK | |||
r-devel-windows-x86_64 | 0.4-46 | 9.00 | 112.00 | 121.00 | OK | |
r-patched-linux-x86_64 | 0.4-46 | 9.59 | 108.94 | 118.53 | OK | |
r-release-linux-x86_64 | 0.4-46 | 8.43 | 111.05 | 119.48 | OK | |
r-release-macos-arm64 | 0.4-46 | 49.00 | OK | |||
r-release-macos-x86_64 | 0.4-46 | 71.00 | OK | |||
r-release-windows-x86_64 | 0.4-46 | 9.00 | 114.00 | 123.00 | OK | |
r-oldrel-macos-arm64 | 0.4-46 | 58.00 | OK | |||
r-oldrel-macos-x86_64 | 0.4-46 | 78.00 | NOTE | |||
r-oldrel-windows-x86_64 | 0.4-46 | 9.00 | 115.00 | 124.00 | OK |
Version: 0.4-46
Check: package dependencies
Result: NOTE
Package suggested but not available for checking: ‘partykit’
Flavor: r-oldrel-macos-x86_64
Version: 0.4-46
Check: Rd cross-references
Result: NOTE
Package unavailable to check Rd xrefs: ‘partykit’
Flavor: r-oldrel-macos-x86_64