Last updated on 2025-11-21 12:50:02 CET.
| Flavor | Version | Tinstall | Tcheck | Ttotal | Status | Flags |
|---|---|---|---|---|---|---|
| r-devel-linux-x86_64-debian-clang | 1.0.4 | 1.54 | 18.91 | 20.45 | OK | |
| r-devel-linux-x86_64-debian-gcc | 1.0.4 | 1.35 | 16.10 | 17.45 | OK | |
| r-devel-linux-x86_64-fedora-clang | 1.0.4 | 30.34 | OK | |||
| r-devel-linux-x86_64-fedora-gcc | 1.0.4 | 30.42 | OK | |||
| r-devel-windows-x86_64 | 1.0.4 | 4.00 | 40.00 | 44.00 | OK | |
| r-patched-linux-x86_64 | 1.0.4 | 1.69 | 17.72 | 19.41 | OK | |
| r-release-linux-x86_64 | 1.0.4 | 1.67 | 17.81 | 19.48 | OK | |
| r-release-macos-arm64 | 1.0.4 | OK | ||||
| r-release-macos-x86_64 | 1.0.4 | 3.00 | 27.00 | 30.00 | OK | |
| r-release-windows-x86_64 | 1.0.4 | 3.00 | 32.00 | 35.00 | OK | |
| r-oldrel-macos-arm64 | 1.0.4 | NOTE | ||||
| r-oldrel-macos-x86_64 | 1.0.4 | 1.00 | 17.00 | 18.00 | NOTE | |
| r-oldrel-windows-x86_64 | 1.0.4 | 3.00 | 35.00 | 38.00 | NOTE |
Version: 1.0.4
Check: LazyData
Result: NOTE
'LazyData' is specified without a 'data' directory
Flavors: r-oldrel-macos-arm64, r-oldrel-macos-x86_64, r-oldrel-windows-x86_64