CRAN Package Check Results for Package RRate

Last updated on 2025-11-21 12:50:02 CET.

Flavor Version Tinstall Tcheck Ttotal Status Flags
r-devel-linux-x86_64-debian-clang 1.0 2.02 27.88 29.90 NOTE
r-devel-linux-x86_64-debian-gcc 1.0 1.72 22.44 24.16 NOTE
r-devel-linux-x86_64-fedora-clang 1.0 44.37 NOTE
r-devel-linux-x86_64-fedora-gcc 1.0 42.08 NOTE
r-devel-windows-x86_64 1.0 2.00 53.00 55.00 OK
r-patched-linux-x86_64 1.0 2.42 26.79 29.21 NOTE
r-release-linux-x86_64 1.0 2.02 26.75 28.77 NOTE
r-release-macos-arm64 1.0 OK
r-release-macos-x86_64 1.0 3.00 40.00 43.00 OK
r-release-windows-x86_64 1.0 4.00 49.00 53.00 OK
r-oldrel-macos-arm64 1.0 OK
r-oldrel-macos-x86_64 1.0 3.00 37.00 40.00 OK
r-oldrel-windows-x86_64 1.0 3.00 51.00 54.00 OK

Check Details

Version: 1.0
Check: CRAN incoming feasibility
Result: NOTE Maintainer: ‘Wei Jiang <wjiangaa@connect.ust.hk>’ No Authors@R field in DESCRIPTION. Please add one, modifying Authors@R: c(person(given = "Wei", family = "Jiang", role = c("aut", "cre"), email = "wjiangaa@connect.ust.hk"), person(given = "Jing-Hao", family = "Xue", role = "aut"), person(given = "Weichuan", family = "Yu", role = "aut")) as necessary. Flavors: r-devel-linux-x86_64-debian-clang, r-devel-linux-x86_64-debian-gcc

Version: 1.0
Check: for non-standard things in the check directory
Result: NOTE Found the following files/directories: ‘HL_H0.pdf’ ‘pi0infer.pdf’ ‘rate.txt’ ‘summary.txt’ Flavors: r-devel-linux-x86_64-debian-clang, r-devel-linux-x86_64-debian-gcc, r-devel-linux-x86_64-fedora-clang, r-devel-linux-x86_64-fedora-gcc, r-patched-linux-x86_64, r-release-linux-x86_64