Last updated on 2024-06-14 13:56:30 CEST.
Flavor | Version | Tinstall | Tcheck | Ttotal | Status | Flags |
---|---|---|---|---|---|---|
r-devel-linux-x86_64-debian-clang | 0.1.4 | 32.36 | 498.17 | 530.53 | OK | |
r-devel-linux-x86_64-debian-gcc | 0.1.4 | 31.49 | 387.94 | 419.43 | OK | |
r-devel-linux-x86_64-fedora-clang | 0.1.4 | 720.48 | NOTE | |||
r-devel-linux-x86_64-fedora-gcc | 0.1.4 | 522.52 | OK | |||
r-devel-windows-x86_64 | 0.1.4 | 33.00 | 375.00 | 408.00 | NOTE | |
r-patched-linux-x86_64 | 0.1.4 | 31.52 | 513.03 | 544.55 | OK | |
r-release-linux-x86_64 | 0.1.4 | 24.62 | 506.56 | 531.18 | OK | |
r-release-macos-arm64 | 0.1.4 | 185.00 | NOTE | |||
r-release-macos-x86_64 | 0.1.4 | 483.00 | NOTE | |||
r-release-windows-x86_64 | 0.1.4 | 33.00 | 390.00 | 423.00 | NOTE | |
r-oldrel-macos-arm64 | 0.1.4 | 6.00 | ERROR | |||
r-oldrel-macos-x86_64 | 0.1.4 | 334.00 | NOTE | |||
r-oldrel-windows-x86_64 | 0.1.4 | 47.00 | 557.00 | 604.00 | NOTE |
Version: 0.1.4
Check: package dependencies
Result: NOTE
Imports includes 24 non-default packages.
Importing from so many packages makes the package vulnerable to any of
them becoming unavailable. Move as many as possible to Suggests and
use conditionally.
Flavor: r-devel-linux-x86_64-fedora-clang
Version: 0.1.4
Check: installed package size
Result: NOTE
installed size is 5.8Mb
sub-directories of 1Mb or more:
data 3.4Mb
doc 2.2Mb
Flavors: r-devel-linux-x86_64-fedora-clang, r-devel-windows-x86_64, r-release-macos-arm64, r-release-macos-x86_64, r-release-windows-x86_64, r-oldrel-macos-x86_64, r-oldrel-windows-x86_64
Version: 0.1.4
Check: package dependencies
Result: ERROR
Package required but not available: ‘AnnotationHub’
Package suggested but not available for checking: ‘recount3’
See section ‘The DESCRIPTION file’ in the ‘Writing R Extensions’
manual.
Flavor: r-oldrel-macos-arm64
Version: 0.1.4
Check: package dependencies
Result: NOTE
Package suggested but not available for checking: ‘recount3’
Flavor: r-oldrel-macos-x86_64