Last updated on 2025-11-03 12:50:01 CET.
| Flavor | Version | Tinstall | Tcheck | Ttotal | Status | Flags | 
|---|---|---|---|---|---|---|
| r-devel-linux-x86_64-debian-clang | 1.0.3 | 26.15 | 242.23 | 268.38 | NOTE | |
| r-devel-linux-x86_64-debian-gcc | 1.0.3 | 15.98 | 145.32 | 161.30 | NOTE | |
| r-devel-linux-x86_64-fedora-clang | 1.0.3 | 67.00 | 359.24 | 426.24 | NOTE | |
| r-devel-linux-x86_64-fedora-gcc | 1.0.3 | 63.00 | 335.73 | 398.73 | NOTE | |
| r-devel-windows-x86_64 | 1.0.3 | 24.00 | 183.00 | 207.00 | NOTE | |
| r-patched-linux-x86_64 | 1.0.3 | 25.43 | 225.18 | 250.61 | NOTE | |
| r-release-linux-x86_64 | 1.0.3 | 26.81 | 226.50 | 253.31 | NOTE | |
| r-release-macos-arm64 | 1.0.3 | 12.00 | 79.00 | 91.00 | NOTE | |
| r-release-macos-x86_64 | 1.0.3 | 23.00 | 198.00 | 221.00 | NOTE | |
| r-release-windows-x86_64 | 1.0.3 | 23.00 | 176.00 | 199.00 | NOTE | |
| r-oldrel-macos-arm64 | 1.0.3 | 10.00 | 72.00 | 82.00 | NOTE | |
| r-oldrel-macos-x86_64 | 1.0.3 | 16.00 | 126.00 | 142.00 | NOTE | |
| r-oldrel-windows-x86_64 | 1.0.3 | 34.00 | 257.00 | 291.00 | NOTE | 
Version: 1.0.3
Check: Rd files
Result: NOTE
  checkRd: (-1) nc_open_CGLS.Rd:29-32: Lost braces
      29 | if(resolution == "300m"){
         |                         ^
  checkRd: (-1) nc_open_CGLS.Rd:33-36: Lost braces
      33 | if(resolution == "1km"){
         |                        ^
Flavors: r-devel-linux-x86_64-debian-clang, r-devel-linux-x86_64-debian-gcc, r-devel-linux-x86_64-fedora-clang, r-devel-linux-x86_64-fedora-gcc, r-devel-windows-x86_64, r-patched-linux-x86_64, r-release-linux-x86_64, r-release-macos-arm64, r-release-macos-x86_64, r-release-windows-x86_64, r-oldrel-macos-arm64, r-oldrel-macos-x86_64, r-oldrel-windows-x86_64
Version: 1.0.3
Check: LazyData
Result: NOTE
    'LazyData' is specified without a 'data' directory
Flavors: r-oldrel-macos-arm64, r-oldrel-macos-x86_64, r-oldrel-windows-x86_64