Last updated on 2024-06-14 00:53:54 CEST.
Flavor | Version | Tinstall | Tcheck | Ttotal | Status | Flags |
---|---|---|---|---|---|---|
r-devel-linux-x86_64-debian-clang | 1.1.1 | 70.35 | 661.39 | 731.74 | OK | |
r-devel-linux-x86_64-debian-gcc | 1.1.1 | 0.49 | 1.93 | 2.42 | ERROR | |
r-devel-linux-x86_64-fedora-clang | 1.1.1 | 983.11 | OK | |||
r-devel-linux-x86_64-fedora-gcc | 1.1.1 | 939.67 | OK | |||
r-devel-windows-x86_64 | 1.1.1 | 58.00 | 376.00 | 434.00 | OK | |
r-patched-linux-x86_64 | 1.1.1 | 66.83 | 651.62 | 718.45 | OK | |
r-release-linux-x86_64 | 1.1.1 | 64.56 | 643.39 | 707.95 | OK | |
r-release-macos-arm64 | 1.1.1 | 105.00 | NOTE | |||
r-release-macos-x86_64 | 1.1.1 | 258.00 | NOTE | |||
r-release-windows-x86_64 | 1.1.1 | 47.00 | 366.00 | 413.00 | OK | |
r-oldrel-macos-arm64 | 1.1.1 | 140.00 | NOTE | |||
r-oldrel-macos-x86_64 | 1.1.1 | 284.00 | NOTE | |||
r-oldrel-windows-x86_64 | 1.1.1 | 66.00 | 479.00 | 545.00 | OK |
Version: 1.1.1
Check: package dependencies
Result: ERROR
Packages required but not available: 'ggpp', 'ggplot2', 'ggpubr'
Packages suggested but not available for checking: 'roxygen2', 'testthat'
See section ‘The DESCRIPTION file’ in the ‘Writing R Extensions’
manual.
Flavor: r-devel-linux-x86_64-debian-gcc
Version: 1.1.1
Check: installed package size
Result: NOTE
installed size is 15.6Mb
sub-directories of 1Mb or more:
libs 13.9Mb
Flavors: r-release-macos-arm64, r-release-macos-x86_64, r-oldrel-macos-arm64, r-oldrel-macos-x86_64