Last updated on 2025-11-21 12:49:59 CET.
| Flavor | Version | Tinstall | Tcheck | Ttotal | Status | Flags |
|---|---|---|---|---|---|---|
| r-devel-linux-x86_64-debian-clang | 0.1.1 | 1.68 | 44.35 | 46.03 | NOTE | |
| r-devel-linux-x86_64-debian-gcc | 0.1.1 | 1.37 | 28.31 | 29.68 | NOTE | |
| r-devel-linux-x86_64-fedora-clang | 0.1.1 | 67.38 | OK | |||
| r-devel-linux-x86_64-fedora-gcc | 0.1.1 | 63.60 | OK | |||
| r-devel-windows-x86_64 | 0.1.1 | 2.00 | 50.00 | 52.00 | OK | |
| r-patched-linux-x86_64 | 0.1.1 | 1.74 | 39.55 | 41.29 | OK | |
| r-release-linux-x86_64 | 0.1.1 | 1.69 | 40.45 | 42.14 | OK | |
| r-release-macos-arm64 | 0.1.1 | OK | ||||
| r-release-macos-x86_64 | 0.1.1 | 2.00 | 45.00 | 47.00 | OK | |
| r-release-windows-x86_64 | 0.1.1 | 4.00 | 48.00 | 52.00 | OK | |
| r-oldrel-macos-arm64 | 0.1.1 | NOTE | ||||
| r-oldrel-macos-x86_64 | 0.1.1 | 2.00 | 30.00 | 32.00 | NOTE | |
| r-oldrel-windows-x86_64 | 0.1.1 | 3.00 | 50.00 | 53.00 | NOTE |
Version: 0.1.1
Check: CRAN incoming feasibility
Result: NOTE
Maintainer: ‘Liam Bressler <liam.bressler@yale.edu>’
No Authors@R field in DESCRIPTION.
Please add one, modifying
Authors@R: person(given = "Liam",
family = "Bressler",
role = c("aut", "cre"),
email = "liam.bressler@yale.edu")
as necessary.
Flavors: r-devel-linux-x86_64-debian-clang, r-devel-linux-x86_64-debian-gcc
Version: 0.1.1
Check: LazyData
Result: NOTE
'LazyData' is specified without a 'data' directory
Flavors: r-oldrel-macos-arm64, r-oldrel-macos-x86_64, r-oldrel-windows-x86_64