Last updated on 2024-07-18 01:55:39 CEST.
Flavor | Version | Tinstall | Tcheck | Ttotal | Status | Flags |
---|---|---|---|---|---|---|
r-devel-linux-x86_64-debian-clang | 1.2.2 | 226.03 | 100.45 | 326.48 | OK | |
r-devel-linux-x86_64-debian-gcc | 1.2.2 | 127.54 | 71.70 | 199.24 | OK | |
r-devel-linux-x86_64-fedora-clang | 1.2.2 | 482.19 | NOTE | |||
r-devel-linux-x86_64-fedora-gcc | 1.2.2 | 428.82 | OK | |||
r-devel-windows-x86_64 | 1.2.2 | 155.00 | 113.00 | 268.00 | OK | |
r-patched-linux-x86_64 | 1.2.2 | 153.07 | 95.55 | 248.62 | OK | |
r-release-linux-x86_64 | 1.2.2 | 123.23 | 93.01 | 216.24 | OK | |
r-release-macos-arm64 | 1.2.2 | 84.00 | OK | |||
r-release-macos-x86_64 | 1.2.2 | 142.00 | OK | |||
r-release-windows-x86_64 | 1.2.2 | 152.00 | 116.00 | 268.00 | OK | |
r-oldrel-macos-arm64 | 1.2.2 | 84.00 | OK | |||
r-oldrel-macos-x86_64 | 1.2.2 | 117.00 | OK | |||
r-oldrel-windows-x86_64 | 1.2.2 | 190.00 | 134.00 | 324.00 | OK |
Version: 1.2.2
Check: Rd cross-references
Result: NOTE
Undeclared package ‘DRquality’ in Rd xrefs
Flavor: r-devel-linux-x86_64-fedora-clang