CRAN Package Check Results for Package PrivateLR

Last updated on 2025-11-21 12:49:59 CET.

Flavor Version Tinstall Tcheck Ttotal Status Flags
r-devel-linux-x86_64-debian-clang 1.2-22 1.94 20.97 22.91 NOTE
r-devel-linux-x86_64-debian-gcc 1.2-22 1.53 16.86 18.39 NOTE
r-devel-linux-x86_64-fedora-clang 1.2-22 34.07 OK
r-devel-linux-x86_64-fedora-gcc 1.2-22 31.40 OK
r-devel-windows-x86_64 1.2-22 5.00 35.00 40.00 OK
r-patched-linux-x86_64 1.2-22 2.18 19.41 21.59 OK
r-release-linux-x86_64 1.2-22 1.74 19.70 21.44 OK
r-release-macos-arm64 1.2-22 OK
r-release-macos-x86_64 1.2-22 2.00 21.00 23.00 OK
r-release-windows-x86_64 1.2-22 3.00 34.00 37.00 OK
r-oldrel-macos-arm64 1.2-22 OK
r-oldrel-macos-x86_64 1.2-22 2.00 17.00 19.00 OK
r-oldrel-windows-x86_64 1.2-22 3.00 36.00 39.00 OK

Check Details

Version: 1.2-22
Check: CRAN incoming feasibility
Result: NOTE Maintainer: ‘Staal A. Vinterbo <Staal.Vinterbo@ntnu.no>’ No Authors@R field in DESCRIPTION. Please add one, modifying Authors@R: person(given = c("Staal", "A."), family = "Vinterbo", role = c("aut", "cre"), email = "Staal.Vinterbo@ntnu.no") as necessary. Flavors: r-devel-linux-x86_64-debian-clang, r-devel-linux-x86_64-debian-gcc