Last updated on 2025-11-21 12:49:58 CET.
| Flavor | Version | Tinstall | Tcheck | Ttotal | Status | Flags |
|---|---|---|---|---|---|---|
| r-devel-linux-x86_64-debian-clang | 0.1-0 | 4.26 | 31.32 | 35.58 | NOTE | |
| r-devel-linux-x86_64-debian-gcc | 0.1-0 | 3.36 | 23.78 | 27.14 | NOTE | |
| r-devel-linux-x86_64-fedora-clang | 0.1-0 | 10.00 | 44.58 | 54.58 | OK | |
| r-devel-linux-x86_64-fedora-gcc | 0.1-0 | 11.00 | 39.93 | 50.93 | OK | |
| r-devel-windows-x86_64 | 0.1-0 | 5.00 | 58.00 | 63.00 | OK | |
| r-patched-linux-x86_64 | 0.1-0 | 4.61 | 28.99 | 33.60 | OK | |
| r-release-linux-x86_64 | 0.1-0 | 4.14 | 29.42 | 33.56 | OK | |
| r-release-macos-arm64 | 0.1-0 | OK | ||||
| r-release-macos-x86_64 | 0.1-0 | 5.00 | 29.00 | 34.00 | OK | |
| r-release-windows-x86_64 | 0.1-0 | 7.00 | 51.00 | 58.00 | OK | |
| r-oldrel-macos-arm64 | 0.1-0 | OK | ||||
| r-oldrel-macos-x86_64 | 0.1-0 | 6.00 | 26.00 | 32.00 | OK | |
| r-oldrel-windows-x86_64 | 0.1-0 | 6.00 | 51.00 | 57.00 | OK |
Version: 0.1-0
Check: CRAN incoming feasibility
Result: NOTE
Maintainer: ‘Chris Salahub <chris.salahub@uwaterloo.ca>’
The Description field contains
in Salahub and Olford (2023) <arXiv:2310.16600>. This package provides
Please refer to arXiv e-prints via their arXiv DOI <doi:10.48550/arXiv.YYMM.NNNNN>.
Flavors: r-devel-linux-x86_64-debian-clang, r-devel-linux-x86_64-debian-gcc