Last updated on 2025-11-21 12:49:58 CET.
| Flavor | Version | Tinstall | Tcheck | Ttotal | Status | Flags |
|---|---|---|---|---|---|---|
| r-devel-linux-x86_64-debian-clang | 1.0.4 | 1.72 | 20.38 | 22.10 | NOTE | |
| r-devel-linux-x86_64-debian-gcc | 1.0.4 | 1.30 | 16.82 | 18.12 | NOTE | |
| r-devel-linux-x86_64-fedora-clang | 1.0.4 | 33.14 | OK | |||
| r-devel-linux-x86_64-fedora-gcc | 1.0.4 | 31.18 | OK | |||
| r-devel-windows-x86_64 | 1.0.4 | 2.00 | 40.00 | 42.00 | OK | |
| r-patched-linux-x86_64 | 1.0.4 | 1.82 | 19.56 | 21.38 | OK | |
| r-release-linux-x86_64 | 1.0.4 | 1.75 | 19.68 | 21.43 | OK | |
| r-release-macos-arm64 | 1.0.4 | OK | ||||
| r-release-macos-x86_64 | 1.0.4 | 3.00 | 25.00 | 28.00 | OK | |
| r-release-windows-x86_64 | 1.0.4 | 3.00 | 39.00 | 42.00 | OK | |
| r-oldrel-macos-arm64 | 1.0.4 | OK | ||||
| r-oldrel-macos-x86_64 | 1.0.4 | 2.00 | 19.00 | 21.00 | OK | |
| r-oldrel-windows-x86_64 | 1.0.4 | 3.00 | 39.00 | 42.00 | OK |
Version: 1.0.4
Check: CRAN incoming feasibility
Result: NOTE
Maintainer: ‘Cyril Piou <cyril.piou@cirad.fr>’
Package CITATION file contains call(s) to old-style personList() or
as.personList(). Please use c() on person objects instead.
Package CITATION file contains call(s) to old-style citEntry(). Please
use bibentry() instead.
Found the following URLs which should use \doi (with the DOI name only):
File ‘Pomic-package.Rd’:
http://dx.doi.org/10.1016/j.ecolmodel.2009.05.003
Flavors: r-devel-linux-x86_64-debian-clang, r-devel-linux-x86_64-debian-gcc