Last updated on 2024-07-18 01:55:39 CEST.
Flavor | Version | Tinstall | Tcheck | Ttotal | Status | Flags |
---|---|---|---|---|---|---|
r-devel-linux-x86_64-debian-clang | 0.1.0 | 2.03 | 22.48 | 24.51 | NOTE | |
r-devel-linux-x86_64-debian-gcc | 0.1.0 | 1.63 | 17.77 | 19.40 | NOTE | |
r-devel-linux-x86_64-fedora-clang | 0.1.0 | 31.65 | NOTE | |||
r-devel-linux-x86_64-fedora-gcc | 0.1.0 | 31.91 | NOTE | |||
r-devel-windows-x86_64 | 0.1.0 | 2.00 | 39.00 | 41.00 | NOTE | |
r-patched-linux-x86_64 | 0.1.0 | 1.68 | 22.30 | 23.98 | NOTE | |
r-release-linux-x86_64 | 0.1.0 | 1.66 | 22.18 | 23.84 | NOTE | |
r-release-macos-arm64 | 0.1.0 | 22.00 | NOTE | |||
r-release-macos-x86_64 | 0.1.0 | 23.00 | NOTE | |||
r-release-windows-x86_64 | 0.1.0 | 2.00 | 38.00 | 40.00 | NOTE | |
r-oldrel-macos-arm64 | 0.1.0 | 16.00 | NOTE | |||
r-oldrel-macos-x86_64 | 0.1.0 | 18.00 | NOTE | |||
r-oldrel-windows-x86_64 | 0.1.0 | 2.00 | 36.00 | 38.00 | NOTE |
Version: 0.1.0
Check: LazyData
Result: NOTE
'LazyData' is specified without a 'data' directory
Flavors: r-devel-linux-x86_64-debian-clang, r-devel-linux-x86_64-debian-gcc, r-devel-linux-x86_64-fedora-clang, r-devel-linux-x86_64-fedora-gcc, r-devel-windows-x86_64, r-patched-linux-x86_64, r-release-linux-x86_64, r-release-macos-arm64, r-release-macos-x86_64, r-release-windows-x86_64, r-oldrel-macos-arm64, r-oldrel-macos-x86_64, r-oldrel-windows-x86_64