Last updated on 2024-07-18 01:55:39 CEST.
Flavor | Version | Tinstall | Tcheck | Ttotal | Status | Flags |
---|---|---|---|---|---|---|
r-devel-linux-x86_64-debian-clang | 2.0.4 | 24.92 | 379.64 | 404.56 | NOTE | |
r-devel-linux-x86_64-debian-gcc | 2.0.4 | 22.65 | 275.72 | 298.37 | NOTE | |
r-devel-linux-x86_64-fedora-clang | 2.0.4 | 540.39 | NOTE | |||
r-devel-linux-x86_64-fedora-gcc | 2.0.4 | 526.95 | NOTE | |||
r-devel-windows-x86_64 | 2.0.4 | 28.00 | 187.00 | 215.00 | NOTE | --no-vignettes |
r-patched-linux-x86_64 | 2.0.4 | 34.00 | 366.78 | 400.78 | NOTE | |
r-release-linux-x86_64 | 2.0.4 | 29.50 | 363.43 | 392.93 | NOTE | |
r-release-macos-arm64 | 2.0.4 | 148.00 | NOTE | |||
r-release-macos-x86_64 | 2.0.4 | 252.00 | NOTE | |||
r-release-windows-x86_64 | 2.0.4 | 28.00 | 191.00 | 219.00 | NOTE | --no-vignettes |
r-oldrel-macos-arm64 | 2.0.4 | 186.00 | NOTE | |||
r-oldrel-macos-x86_64 | 2.0.4 | 317.00 | NOTE | |||
r-oldrel-windows-x86_64 | 2.0.4 | 33.00 | 200.00 | 233.00 | NOTE | --no-vignettes |
Version: 2.0.4
Check: Rd files
Result: NOTE
checkRd: (-1) CAPM.RiskPremium.Rd:67: Escaped LaTeX specials: \&
checkRd: (-1) Return.portfolio.Rd:109: Lost braces in \itemize; meant \describe ?
checkRd: (-1) Return.portfolio.Rd:110-113: Lost braces in \itemize; meant \describe ?
checkRd: (-1) Return.portfolio.Rd:114-118: Lost braces in \itemize; meant \describe ?
checkRd: (-1) Return.portfolio.Rd:119-122: Lost braces in \itemize; meant \describe ?
checkRd: (-1) Return.portfolio.Rd:123-129: Lost braces in \itemize; meant \describe ?
checkRd: (-1) Return.portfolio.Rd:130-132: Lost braces in \itemize; meant \describe ?
checkRd: (-1) chart.ECDF.Rd:31: Escaped LaTeX specials: \#
checkRd: (-1) managers.Rd:8: Escaped LaTeX specials: \&
Flavors: r-devel-linux-x86_64-debian-clang, r-devel-linux-x86_64-debian-gcc, r-devel-linux-x86_64-fedora-clang, r-devel-linux-x86_64-fedora-gcc, r-patched-linux-x86_64, r-release-linux-x86_64, r-release-macos-arm64, r-release-macos-x86_64
Version: 2.0.4
Check: HTML version of manual
Result: NOTE
Found the following HTML validation problems:
Return.Geltner.html:58:32 (Return.Geltner.Rd:27): Warning: trimming empty <code>
centeredmoments.html:24:32 (centeredmoments.Rd:37): Warning: trimming empty <code>
Flavors: r-devel-linux-x86_64-debian-clang, r-devel-linux-x86_64-debian-gcc, r-devel-linux-x86_64-fedora-clang, r-devel-linux-x86_64-fedora-gcc, r-patched-linux-x86_64, r-release-linux-x86_64
Version: 2.0.4
Check: Rd cross-references
Result: NOTE
Undeclared packages ‘timeSeries’, ‘tseries’, ‘car’, ‘gplots’ in Rd xrefs
Flavor: r-devel-linux-x86_64-fedora-clang
Version: 2.0.4
Flags: --no-vignettes
Check: Rd files
Result: NOTE
checkRd: (-1) CAPM.RiskPremium.Rd:67: Escaped LaTeX specials: \&
checkRd: (-1) Return.portfolio.Rd:109: Lost braces in \itemize; meant \describe ?
checkRd: (-1) Return.portfolio.Rd:110-113: Lost braces in \itemize; meant \describe ?
checkRd: (-1) Return.portfolio.Rd:114-118: Lost braces in \itemize; meant \describe ?
checkRd: (-1) Return.portfolio.Rd:119-122: Lost braces in \itemize; meant \describe ?
checkRd: (-1) Return.portfolio.Rd:123-129: Lost braces in \itemize; meant \describe ?
checkRd: (-1) Return.portfolio.Rd:130-132: Lost braces in \itemize; meant \describe ?
checkRd: (-1) chart.ECDF.Rd:31: Escaped LaTeX specials: \#
checkRd: (-1) managers.Rd:8: Escaped LaTeX specials: \&
Flavors: r-devel-windows-x86_64, r-release-windows-x86_64
Version: 2.0.4
Flags: --no-vignettes
Check: Rd cross-references
Result: NOTE
Found the following Rd file(s) with Rd \link{} targets missing package
anchors:
chart.RollingCorrelation.Rd: na.fill
chart.RollingMean.Rd: na.fill
chart.RollingPerformance.Rd: na.fill
to.period.contributions.Rd: endpoints
Please provide package anchors for all Rd \link{} targets not in the
package itself and the base packages.
Flavor: r-devel-windows-x86_64
Version: 2.0.4
Flags: --no-vignettes
Check: HTML version of manual
Result: NOTE
Found the following HTML validation problems:
Return.Geltner.html:58:32 (Return.Geltner.Rd:27): Warning: trimming empty <code>
centeredmoments.html:24:32 (centeredmoments.Rd:37): Warning: trimming empty <code>
Flavors: r-devel-windows-x86_64, r-release-windows-x86_64
Version: 2.0.4
Check: Rd files
Result: NOTE
checkRd: (-1) CAPM.RiskPremium.Rd:67: Escaped LaTeX specials: \&
checkRd: (-1) chart.ECDF.Rd:31: Escaped LaTeX specials: \#
checkRd: (-1) managers.Rd:8: Escaped LaTeX specials: \&
Flavors: r-oldrel-macos-arm64, r-oldrel-macos-x86_64
Version: 2.0.4
Flags: --no-vignettes
Check: Rd files
Result: NOTE
checkRd: (-1) CAPM.RiskPremium.Rd:67: Escaped LaTeX specials: \&
checkRd: (-1) chart.ECDF.Rd:31: Escaped LaTeX specials: \#
checkRd: (-1) managers.Rd:8: Escaped LaTeX specials: \&
Flavor: r-oldrel-windows-x86_64