Last updated on 2025-11-03 12:49:59 CET.
| Flavor | Version | Tinstall | Tcheck | Ttotal | Status | Flags | 
|---|---|---|---|---|---|---|
| r-devel-linux-x86_64-debian-clang | 1.5 | 4.32 | 39.69 | 44.01 | NOTE | |
| r-devel-linux-x86_64-debian-gcc | 1.5 | 2.81 | 28.57 | 31.38 | NOTE | |
| r-devel-linux-x86_64-fedora-clang | 1.5 | 67.86 | OK | |||
| r-devel-linux-x86_64-fedora-gcc | 1.5 | 13.00 | 52.78 | 65.78 | OK | |
| r-devel-windows-x86_64 | 1.5 | 5.00 | 58.00 | 63.00 | OK | |
| r-patched-linux-x86_64 | 1.5 | 3.69 | 37.19 | 40.88 | OK | |
| r-release-linux-x86_64 | 1.5 | 3.51 | 37.10 | 40.61 | OK | |
| r-release-macos-arm64 | 1.5 | 2.00 | 21.00 | 23.00 | OK | |
| r-release-macos-x86_64 | 1.5 | 3.00 | 36.00 | 39.00 | OK | |
| r-release-windows-x86_64 | 1.5 | 5.00 | 58.00 | 63.00 | OK | |
| r-oldrel-macos-arm64 | 1.5 | 2.00 | 20.00 | 22.00 | OK | |
| r-oldrel-macos-x86_64 | 1.5 | 3.00 | 33.00 | 36.00 | OK | |
| r-oldrel-windows-x86_64 | 1.5 | 5.00 | 69.00 | 74.00 | OK | 
Version: 1.5
Check: CRAN incoming feasibility
Result: NOTE
  Maintainer: ‘Gul Inan <ginan@metu.edu.tr>’
  
  No Authors@R field in DESCRIPTION.
  Please add one, modifying
    Authors@R: c(person(given = "Gul",
                        family = "Inan",
                        role = c("aut", "cre"),
                        email = "ginan@metu.edu.tr",
                        comment = "Lecturer, Middle East Technical University"),
                 person(given = "Jianhui",
                        family = "Zhou",
                        role = "aut",
                        comment = "Associate Professor, University of Virginia"),
                 person(given = "Lan",
                        family = "Wang",
                        role = "aut",
                        comment = c(ROR = "Professor", "University of Minnesota")))
  as necessary.
  
  Found the following \keyword or \concept entries
  which likely give several index terms:
    File ‘PGEE-package.Rd’:
      \keyword{high-dimensional covariates, longitudinal [TRUNCATED]
Flavors: r-devel-linux-x86_64-debian-clang, r-devel-linux-x86_64-debian-gcc