Last updated on 2025-11-21 12:49:58 CET.
| Flavor | Version | Tinstall | Tcheck | Ttotal | Status | Flags |
|---|---|---|---|---|---|---|
| r-devel-linux-x86_64-debian-clang | 0.2.8 | 16.19 | 85.31 | 101.50 | OK | |
| r-devel-linux-x86_64-debian-gcc | 0.2.8 | 10.89 | 62.02 | 72.91 | OK | |
| r-devel-linux-x86_64-fedora-clang | 0.2.8 | 110.00 | 64.65 | 174.65 | OK | |
| r-devel-linux-x86_64-fedora-gcc | 0.2.8 | 119.00 | 52.54 | 171.54 | OK | |
| r-patched-linux-x86_64 | 0.2.8 | 16.07 | 78.32 | 94.39 | OK | |
| r-release-macos-arm64 | 0.2.8 | 4.00 | 23.00 | 27.00 | OK | |
| r-release-macos-x86_64 | 0.2.8 | 17.00 | 86.00 | 103.00 | OK | |
| r-oldrel-macos-arm64 | 0.2.8 | 0.00 | 9.00 | 9.00 | ERROR | |
| r-oldrel-macos-x86_64 | 0.2.8 | 18.00 | 99.00 | 117.00 | OK |
Version: 0.2.8
Check: whether package can be installed
Result: ERROR
Installation failed.
Flavor: r-oldrel-macos-arm64