Last updated on 2024-07-18 01:55:38 CEST.
Flavor | Version | Tinstall | Tcheck | Ttotal | Status | Flags |
---|---|---|---|---|---|---|
r-devel-linux-x86_64-debian-clang | 1.1.13 | 6.50 | 84.54 | 91.04 | OK | |
r-devel-linux-x86_64-debian-gcc | 1.1.13 | 7.09 | 62.19 | 69.28 | OK | |
r-devel-linux-x86_64-fedora-clang | 1.1.13 | 114.29 | OK | |||
r-devel-linux-x86_64-fedora-gcc | 1.1.13 | 129.32 | OK | |||
r-devel-windows-x86_64 | 1.1.13 | 8.00 | 89.00 | 97.00 | NOTE | |
r-patched-linux-x86_64 | 1.1.13 | 11.84 | 80.28 | 92.12 | OK | |
r-release-linux-x86_64 | 1.1.13 | 9.36 | 79.51 | 88.87 | OK | |
r-release-macos-arm64 | 1.1.13 | 41.00 | OK | |||
r-release-macos-x86_64 | 1.1.13 | 77.00 | OK | |||
r-release-windows-x86_64 | 1.1.13 | 8.00 | 92.00 | 100.00 | OK | |
r-oldrel-macos-arm64 | 1.1.13 | 47.00 | OK | |||
r-oldrel-macos-x86_64 | 1.1.13 | 72.00 | OK | |||
r-oldrel-windows-x86_64 | 1.1.13 | 11.00 | 99.00 | 110.00 | OK |
Version: 1.1.13
Check: Rd cross-references
Result: NOTE
Found the following Rd file(s) with Rd \link{} targets missing package
anchors:
agfun.Rd: detectChangePointBatch, specc, cpt.mean
brokenStick.Rd: SamplePCA
spca-data.Rd: SamplePCA
Please provide package anchors for all Rd \link{} targets not in the
package itself and the base packages.
Flavor: r-devel-windows-x86_64