Last updated on 2025-11-03 12:49:58 CET.
| Flavor | Version | Tinstall | Tcheck | Ttotal | Status | Flags | 
|---|---|---|---|---|---|---|
| r-devel-linux-x86_64-debian-clang | 2.0 | 1.75 | 22.45 | 24.20 | NOTE | |
| r-devel-linux-x86_64-debian-gcc | 2.0 | 1.30 | 18.18 | 19.48 | NOTE | |
| r-devel-linux-x86_64-fedora-clang | 2.0 | 37.57 | OK | |||
| r-devel-linux-x86_64-fedora-gcc | 2.0 | 34.12 | OK | |||
| r-devel-windows-x86_64 | 2.0 | 3.00 | 42.00 | 45.00 | OK | |
| r-patched-linux-x86_64 | 2.0 | 2.12 | 21.03 | 23.15 | OK | |
| r-release-linux-x86_64 | 2.0 | 1.46 | 21.62 | 23.08 | OK | |
| r-release-macos-arm64 | 2.0 | 1.00 | 17.00 | 18.00 | OK | |
| r-release-macos-x86_64 | 2.0 | 2.00 | 24.00 | 26.00 | OK | |
| r-release-windows-x86_64 | 2.0 | 4.00 | 42.00 | 46.00 | OK | |
| r-oldrel-macos-arm64 | 2.0 | 1.00 | 15.00 | 16.00 | OK | |
| r-oldrel-macos-x86_64 | 2.0 | 2.00 | 22.00 | 24.00 | OK | |
| r-oldrel-windows-x86_64 | 2.0 | 4.00 | 54.00 | 58.00 | OK | 
Version: 2.0
Check: CRAN incoming feasibility
Result: NOTE
  Maintainer: ‘Marina Evangelou <m.evangelou@ic.ac.uk>’
  
  No Authors@R field in DESCRIPTION.
  Please add one, modifying
    Authors@R: person(given = "Marina",
                      family = "Evangelou",
                      role = c("aut", "cre"),
                      email = "m.evangelou@ic.ac.uk")
  as necessary.
Flavors: r-devel-linux-x86_64-debian-clang, r-devel-linux-x86_64-debian-gcc