Last updated on 2025-11-03 12:49:58 CET.
| Flavor | Version | Tinstall | Tcheck | Ttotal | Status | Flags | 
|---|---|---|---|---|---|---|
| r-devel-linux-x86_64-debian-clang | 0.6.3 | 10.78 | 243.81 | 254.59 | NOTE | |
| r-devel-linux-x86_64-debian-gcc | 0.6.3 | 6.64 | 164.42 | 171.06 | NOTE | |
| r-devel-linux-x86_64-fedora-clang | 0.6.3 | 20.00 | 377.88 | 397.88 | OK | |
| r-devel-linux-x86_64-fedora-gcc | 0.6.3 | 22.00 | 372.61 | 394.61 | OK | |
| r-devel-windows-x86_64 | 0.6.3 | 15.00 | 224.00 | 239.00 | OK | |
| r-patched-linux-x86_64 | 0.6.3 | 9.96 | 226.37 | 236.33 | OK | |
| r-release-linux-x86_64 | 0.6.3 | 8.58 | 228.57 | 237.15 | OK | |
| r-release-macos-arm64 | 0.6.3 | 7.00 | 146.00 | 153.00 | OK | |
| r-release-macos-x86_64 | 0.6.3 | 11.00 | 197.00 | 208.00 | OK | |
| r-release-windows-x86_64 | 0.6.3 | 18.00 | 213.00 | 231.00 | OK | |
| r-oldrel-macos-arm64 | 0.6.3 | 6.00 | 101.00 | 107.00 | OK | |
| r-oldrel-macos-x86_64 | 0.6.3 | 8.00 | 150.00 | 158.00 | OK | |
| r-oldrel-windows-x86_64 | 0.6.3 | 19.00 | 296.00 | 315.00 | OK | 
Version: 0.6.3
Check: CRAN incoming feasibility
Result: NOTE
  Maintainer: ‘Antony Unwin <unwin@math.uni-augsburg.de>’
  
  No Authors@R field in DESCRIPTION.
  Please add one, modifying
    Authors@R: person(given = "Antony",
                      family = "Unwin",
                      role = c("aut", "cre"),
                      email = "unwin@math.uni-augsburg.de")
  as necessary.
Flavors: r-devel-linux-x86_64-debian-clang, r-devel-linux-x86_64-debian-gcc