Last updated on 2025-11-03 12:49:58 CET.
| Flavor | Version | Tinstall | Tcheck | Ttotal | Status | Flags | 
|---|---|---|---|---|---|---|
| r-devel-linux-x86_64-debian-clang | 0.1.1 | 15.47 | 42.56 | 58.03 | NOTE | |
| r-devel-linux-x86_64-debian-gcc | 0.1.1 | 10.51 | 30.00 | 40.51 | NOTE | |
| r-devel-linux-x86_64-fedora-clang | 0.1.1 | 34.00 | 59.10 | 93.10 | OK | |
| r-devel-linux-x86_64-fedora-gcc | 0.1.1 | 35.00 | 54.30 | 89.30 | OK | |
| r-devel-windows-x86_64 | 0.1.1 | 17.00 | 78.00 | 95.00 | OK | |
| r-patched-linux-x86_64 | 0.1.1 | 16.14 | 39.81 | 55.95 | OK | |
| r-release-linux-x86_64 | 0.1.1 | 15.21 | 39.91 | 55.12 | OK | |
| r-release-macos-arm64 | 0.1.1 | 7.00 | 19.00 | 26.00 | OK | |
| r-release-macos-x86_64 | 0.1.1 | 10.00 | 44.00 | 54.00 | OK | |
| r-release-windows-x86_64 | 0.1.1 | 17.00 | 76.00 | 93.00 | OK | |
| r-oldrel-macos-arm64 | 0.1.1 | 6.00 | 21.00 | 27.00 | NOTE | |
| r-oldrel-macos-x86_64 | 0.1.1 | 13.00 | 28.00 | 41.00 | NOTE | |
| r-oldrel-windows-x86_64 | 0.1.1 | 17.00 | 95.00 | 112.00 | NOTE | 
Version: 0.1.1
Check: CRAN incoming feasibility
Result: NOTE
  Maintainer: ‘Seung Won Hyun <yellowatom09@gmail.com>’
  
  No Authors@R field in DESCRIPTION.
  Please add one, modifying
    Authors@R: c(person(given = c("Seung", "Won"),
                        family = "Hyun",
                        role = c("aut", "cre"),
                        email = "yellowatom09@gmail.com"),
                 person(given = c("Weng", "Kee"),
                        family = "Wong",
                        role = "aut"),
                 person(given = "Yarong",
                        family = "Yang",
                        role = "aut"))
  as necessary.
Flavors: r-devel-linux-x86_64-debian-clang, r-devel-linux-x86_64-debian-gcc
Version: 0.1.1
Check: LazyData
Result: NOTE
    'LazyData' is specified without a 'data' directory
Flavors: r-oldrel-macos-arm64, r-oldrel-macos-x86_64, r-oldrel-windows-x86_64