Last updated on 2025-11-03 12:49:58 CET.
| Flavor | Version | Tinstall | Tcheck | Ttotal | Status | Flags | 
|---|---|---|---|---|---|---|
| r-devel-linux-x86_64-debian-clang | 1.0.2 | 6.41 | 71.01 | 77.42 | OK | |
| r-devel-linux-x86_64-debian-gcc | 1.0.2 | 4.83 | 51.57 | 56.40 | OK | |
| r-devel-linux-x86_64-fedora-clang | 1.0.2 | 13.00 | 116.08 | 129.08 | NOTE | |
| r-devel-linux-x86_64-fedora-gcc | 1.0.2 | 13.00 | 114.21 | 127.21 | NOTE | |
| r-devel-windows-x86_64 | 1.0.2 | 8.00 | 78.00 | 86.00 | OK | |
| r-patched-linux-x86_64 | 1.0.2 | 6.09 | 66.18 | 72.27 | OK | |
| r-release-linux-x86_64 | 1.0.2 | 5.99 | 66.23 | 72.22 | OK | |
| r-release-macos-arm64 | 1.0.2 | 2.00 | 36.00 | 38.00 | OK | |
| r-release-macos-x86_64 | 1.0.2 | 3.00 | 62.00 | 65.00 | OK | |
| r-release-windows-x86_64 | 1.0.2 | 8.00 | 77.00 | 85.00 | OK | |
| r-oldrel-macos-arm64 | 1.0.2 | 2.00 | 37.00 | 39.00 | OK | |
| r-oldrel-macos-x86_64 | 1.0.2 | 5.00 | 57.00 | 62.00 | OK | |
| r-oldrel-windows-x86_64 | 1.0.2 | 12.00 | 101.00 | 113.00 | OK | 
Version: 1.0.2
Check: dependencies in R code
Result: NOTE
  Namespaces in Imports field not imported from:
    ‘caret’ ‘e1071’ ‘ggthemes’ ‘mlbench’ ‘rmarkdown’ ‘tidymodels’
    All declared Imports should be used.
Flavors: r-devel-linux-x86_64-fedora-clang, r-devel-linux-x86_64-fedora-gcc