Last updated on 2025-10-21 00:50:08 CEST.
Flavor | Version | Tinstall | Tcheck | Ttotal | Status | Flags |
---|---|---|---|---|---|---|
r-devel-linux-x86_64-debian-clang | 3.5.3 | 2.35 | 26.88 | 29.23 | OK | |
r-devel-linux-x86_64-debian-gcc | 3.5.3 | 1.85 | 21.47 | 23.32 | NOTE | |
r-devel-linux-x86_64-fedora-clang | 3.5.3 | 43.97 | OK | |||
r-devel-linux-x86_64-fedora-gcc | 3.5.3 | 41.33 | OK | |||
r-devel-windows-x86_64 | 3.5.3 | 5.00 | 52.00 | 57.00 | OK | |
r-patched-linux-x86_64 | 3.5.3 | 2.92 | 25.55 | 28.47 | OK | |
r-release-linux-x86_64 | 3.5.3 | 2.27 | 25.33 | 27.60 | OK | |
r-release-macos-arm64 | 3.5.3 | 20.00 | OK | |||
r-release-macos-x86_64 | 3.5.3 | 36.00 | OK | |||
r-release-windows-x86_64 | 3.5.3 | 5.00 | 54.00 | 59.00 | OK | |
r-oldrel-macos-arm64 | 3.5.3 | 20.00 | OK | |||
r-oldrel-macos-x86_64 | 3.5.3 | 44.00 | OK | |||
r-oldrel-windows-x86_64 | 3.5.3 | 5.00 | 55.00 | 60.00 | OK |
Version: 3.5.3
Check: HTML version of manual
Result: NOTE
Found the following HTML validation problems:
Nonpareil.col.html:50:1 (Nonpareil.col.Rd:12): Warning: missing </ul> before </div>
Nonpareil.curve.batch.html:75:1 (Nonpareil.curve.batch.Rd:29): Warning: missing </ul> before </div>
Nonpareil.fit_model.html:50:1 (Nonpareil.fit_model.Rd:12): Warning: missing </ul> before </div>
Nonpareil.read_data.html:50:1 (Nonpareil.read_data.Rd:12): Warning: missing </ul> before </div>
Nonpareil.read_metadata.html:46:1 (Nonpareil.read_metadata.Rd:10): Warning: missing </ul> before </div>
cash-Nonpareil.Curve-method.html:51:1 (cash-Nonpareil.Curve-method.Rd:12): Warning: missing </ul> before </div>
cash-Nonpareil.Set-method.html:51:1 (cash-Nonpareil.Set-method.Rd:12): Warning: missing </ul> before </div>
cash-set-Nonpareil.Curve-method.html:55:1 (cash-set-Nonpareil.Curve-method.Rd:14): Warning: missing </ul> before </div>
cash-set-Nonpareil.Set-method.html:55:1 (cash-set-Nonpareil.Set-method.Rd:14): Warning: missing </ul> before </div>
plus-Nonpareil.Set-ANY-method.html:51:1 (plus-Nonpareil.Set-ANY-method.Rd:12): Warning: missing </ul> before </div>
Flavor: r-devel-linux-x86_64-debian-gcc