Last updated on 2025-11-03 12:49:58 CET.
| Flavor | Version | Tinstall | Tcheck | Ttotal | Status | Flags | 
|---|---|---|---|---|---|---|
| r-devel-linux-x86_64-debian-clang | 1.0.1 | 15.49 | 105.52 | 121.01 | NOTE | |
| r-devel-linux-x86_64-debian-gcc | 1.0.1 | 8.37 | 76.41 | 84.78 | NOTE | |
| r-devel-linux-x86_64-fedora-clang | 1.0.1 | 33.00 | 162.24 | 195.24 | OK | |
| r-devel-linux-x86_64-fedora-gcc | 1.0.1 | 30.00 | 144.22 | 174.22 | OK | |
| r-devel-windows-x86_64 | 1.0.1 | 15.00 | 102.00 | 117.00 | OK | |
| r-patched-linux-x86_64 | 1.0.1 | 13.92 | 98.19 | 112.11 | OK | |
| r-release-linux-x86_64 | 1.0.1 | 12.95 | 99.07 | 112.02 | OK | |
| r-release-macos-arm64 | 1.0.1 | 5.00 | 43.00 | 48.00 | OK | |
| r-release-macos-x86_64 | 1.0.1 | 8.00 | 50.00 | 58.00 | OK | |
| r-release-windows-x86_64 | 1.0.1 | 15.00 | 99.00 | 114.00 | OK | |
| r-oldrel-macos-arm64 | 1.0.1 | 6.00 | 41.00 | 47.00 | OK | |
| r-oldrel-macos-x86_64 | 1.0.1 | 9.00 | 58.00 | 67.00 | OK | |
| r-oldrel-windows-x86_64 | 1.0.1 | 22.00 | 134.00 | 156.00 | OK | 
Version: 1.0.1
Check: CRAN incoming feasibility
Result: NOTE
  Maintainer: ‘Mamadou Yauck <yauck.mamadou@uqam.ca>’
  
  No Authors@R field in DESCRIPTION.
  Please add one, modifying
    Authors@R: c(person(given = "Mamadou",
                        family = "Yauck",
                        role = c("aut", "cre"),
                        email = "yauck.mamadou@uqam.ca"),
                 person(given = c("Erica", "E.", "M."),
                        family = "Moodie",
                        role = "aut"))
  as necessary.
Flavors: r-devel-linux-x86_64-debian-clang, r-devel-linux-x86_64-debian-gcc