Last updated on 2025-07-04 00:50:10 CEST.
Flavor | Version | Tinstall | Tcheck | Ttotal | Status | Flags |
---|---|---|---|---|---|---|
r-devel-linux-x86_64-debian-clang | 1.0.2 | 16.41 | 136.34 | 152.75 | NOTE | |
r-devel-linux-x86_64-debian-gcc | 1.0.2 | 12.30 | 97.34 | 109.64 | NOTE | |
r-devel-linux-x86_64-fedora-clang | 1.0.2 | 234.83 | OK | |||
r-devel-linux-x86_64-fedora-gcc | 1.0.2 | 238.60 | OK | |||
r-devel-windows-x86_64 | 1.0.2 | 15.00 | 128.00 | 143.00 | OK | |
r-patched-linux-x86_64 | 1.0.2 | 17.12 | 128.59 | 145.71 | OK | |
r-release-linux-x86_64 | 1.0.2 | 13.93 | 127.12 | 141.05 | OK | |
r-release-macos-arm64 | 1.0.2 | 81.00 | OK | |||
r-release-macos-x86_64 | 1.0.2 | 174.00 | OK | |||
r-release-windows-x86_64 | 1.0.2 | 15.00 | 127.00 | 142.00 | OK | |
r-oldrel-macos-arm64 | 1.0.2 | 65.00 | OK | |||
r-oldrel-macos-x86_64 | 1.0.2 | 118.00 | OK | |||
r-oldrel-windows-x86_64 | 1.0.2 | 17.00 | 169.00 | 186.00 | OK |
Version: 1.0.2
Check: CRAN incoming feasibility
Result: NOTE
Maintainer: ‘Lennart Johansson <l.johansson@umcg.nl>’
No Authors@R field in DESCRIPTION.
Please add one, modifying
Authors@R: c(person(given = "Dirk",
family = "de Weerd",
role = "aut"),
person(given = "Lennart",
family = "Johansson",
role = c("aut", "cre"),
email = "l.johansson@umcg.nl"))
as necessary.
Flavors: r-devel-linux-x86_64-debian-clang, r-devel-linux-x86_64-debian-gcc