Last updated on 2025-11-03 12:49:58 CET.
| Flavor | Version | Tinstall | Tcheck | Ttotal | Status | Flags | 
|---|---|---|---|---|---|---|
| r-devel-linux-x86_64-debian-clang | 0.2.2 | 24.68 | 350.46 | 375.14 | OK | |
| r-devel-linux-x86_64-debian-gcc | 0.2.2 | 16.75 | 234.41 | 251.16 | OK | |
| r-devel-linux-x86_64-fedora-clang | 0.2.2 | 57.00 | 556.25 | 613.25 | OK | |
| r-devel-linux-x86_64-fedora-gcc | 0.2.2 | 54.00 | 527.15 | 581.15 | OK | |
| r-devel-windows-x86_64 | 0.2.2 | 26.00 | 318.00 | 344.00 | OK | |
| r-patched-linux-x86_64 | 0.2.2 | 24.96 | 339.75 | 364.71 | OK | |
| r-release-linux-x86_64 | 0.2.2 | 20.16 | 336.99 | 357.15 | OK | |
| r-release-macos-arm64 | 0.2.2 | 11.00 | 135.00 | 146.00 | OK | |
| r-release-macos-x86_64 | 0.2.2 | 27.00 | 222.00 | 249.00 | OK | |
| r-release-windows-x86_64 | 0.2.2 | 26.00 | 311.00 | 337.00 | OK | |
| r-oldrel-macos-arm64 | 0.2.2 | 11.00 | 137.00 | 148.00 | NOTE | |
| r-oldrel-macos-x86_64 | 0.2.2 | 23.00 | 234.00 | 257.00 | NOTE | |
| r-oldrel-windows-x86_64 | 0.2.2 | 36.00 | 433.00 | 469.00 | NOTE | 
Version: 0.2.2
Check: installed package size
Result: NOTE
    installed size is  5.4Mb
    sub-directories of 1Mb or more:
      doc   4.0Mb
Flavors: r-oldrel-macos-arm64, r-oldrel-macos-x86_64, r-oldrel-windows-x86_64