Last updated on 2025-07-03 13:48:40 CEST.
Flavor | Version | Tinstall | Tcheck | Ttotal | Status | Flags |
---|---|---|---|---|---|---|
r-devel-linux-x86_64-debian-clang | 1.0 | 30.26 | 253.59 | 283.85 | OK | |
r-devel-linux-x86_64-debian-gcc | 1.0 | 23.87 | 181.79 | 205.66 | OK | |
r-devel-linux-x86_64-fedora-clang | 1.0 | 431.44 | NOTE | |||
r-devel-linux-x86_64-fedora-gcc | 1.0 | 444.46 | NOTE | |||
r-devel-windows-x86_64 | 1.0 | 25.00 | 224.00 | 249.00 | OK | |
r-patched-linux-x86_64 | 1.0 | 31.24 | 238.62 | 269.86 | OK | |
r-release-linux-x86_64 | 1.0 | 31.39 | 240.14 | 271.53 | OK | |
r-release-macos-arm64 | 1.0 | 143.00 | OK | |||
r-release-macos-x86_64 | 1.0 | 215.00 | OK | |||
r-release-windows-x86_64 | 1.0 | 27.00 | 221.00 | 248.00 | OK | |
r-oldrel-macos-arm64 | 1.0 | 103.00 | OK | |||
r-oldrel-macos-x86_64 | 1.0 | 156.00 | OK | |||
r-oldrel-windows-x86_64 | 1.0 | 35.00 | 299.00 | 334.00 | OK |
Version: 1.0
Check: dependencies in R code
Result: NOTE
Namespace in Imports field not imported from: ‘magick’
All declared Imports should be used.
Flavors: r-devel-linux-x86_64-fedora-clang, r-devel-linux-x86_64-fedora-gcc