Last updated on 2025-11-03 12:49:57 CET.
| Flavor | Version | Tinstall | Tcheck | Ttotal | Status | Flags | 
|---|---|---|---|---|---|---|
| r-devel-linux-x86_64-debian-clang | 0.7 | 3.01 | 51.94 | 54.95 | NOTE | |
| r-devel-linux-x86_64-debian-gcc | 0.7 | 1.91 | 36.63 | 38.54 | NOTE | |
| r-devel-linux-x86_64-fedora-clang | 0.7 | 79.22 | OK | |||
| r-devel-linux-x86_64-fedora-gcc | 0.7 | 93.09 | OK | |||
| r-devel-windows-x86_64 | 0.7 | 4.00 | 75.00 | 79.00 | OK | |
| r-patched-linux-x86_64 | 0.7 | 2.99 | 48.29 | 51.28 | OK | |
| r-release-linux-x86_64 | 0.7 | 2.81 | 50.27 | 53.08 | OK | |
| r-release-macos-arm64 | 0.7 | 1.00 | 32.00 | 33.00 | OK | |
| r-release-macos-x86_64 | 0.7 | 2.00 | 76.00 | 78.00 | OK | |
| r-release-windows-x86_64 | 0.7 | 5.00 | 75.00 | 80.00 | OK | |
| r-oldrel-macos-arm64 | 0.7 | 1.00 | 29.00 | 30.00 | OK | |
| r-oldrel-macos-x86_64 | 0.7 | 4.00 | 53.00 | 57.00 | OK | |
| r-oldrel-windows-x86_64 | 0.7 | 5.00 | 89.00 | 94.00 | OK | 
Version: 0.7
Check: CRAN incoming feasibility
Result: NOTE
  Maintainer: ‘Surajit Ray <surajit.ray@glasgow.ac.uk>’
  
  No Authors@R field in DESCRIPTION.
  Please add one, modifying
    Authors@R: c(person(given = "Surajit",
                        family = "Ray",
                        role = c("aut", "cre"),
                        email = "surajit.ray@glasgow.ac.uk"),
                 person(given = "Yansong",
                        family = "Cheng",
                        role = "aut"))
  as necessary.
  
  Found the following \keyword or \concept entries
  which likely give several index terms:
    File ‘HMAC.Rd’:
      \keyword{cluster, hierarchical, nested, modal}
    File ‘choose.cluster.Rd’:
      \keyword{cluster, hierarchical, nested, modal}
    File ‘contourHMAC.Rd’:
      \keyword{cluster, hierarchical, nested, modal}
    File ‘hard.HMAC.Rd’:
      \keyword{cluster, hierarchical, nested, modal}
    File ‘pHMAC.Rd’:
      \keyword{cluster, hierarchical, nested, modal}
    File ‘plot.hmac.Rd’:
      \keyword{cluster, hierarchical, nested, modal}
    File ‘soft.HMAC.Rd’:
      \keyword{cluster, hierarchical, nested, modal}
    File ‘summary.hmac.Rd’:
      \keyword{cluster, hierarchical, nested, modal}
Flavors: r-devel-linux-x86_64-debian-clang, r-devel-linux-x86_64-debian-gcc