Last updated on 2024-07-18 01:55:36 CEST.
Flavor | Version | Tinstall | Tcheck | Ttotal | Status | Flags |
---|---|---|---|---|---|---|
r-devel-linux-x86_64-debian-clang | 1.1.0 | 11.23 | 120.31 | 131.54 | OK | |
r-devel-linux-x86_64-debian-gcc | 1.1.0 | 9.92 | 88.53 | 98.45 | OK | |
r-devel-linux-x86_64-fedora-clang | 1.1.0 | 170.67 | OK | |||
r-devel-linux-x86_64-fedora-gcc | 1.1.0 | 152.26 | OK | |||
r-devel-windows-x86_64 | 1.1.0 | 12.00 | 104.00 | 116.00 | NOTE | |
r-patched-linux-x86_64 | 1.1.0 | 14.84 | 107.63 | 122.47 | OK | |
r-release-linux-x86_64 | 1.1.0 | 11.73 | 113.06 | 124.79 | OK | |
r-release-macos-arm64 | 1.1.0 | 51.00 | OK | |||
r-release-macos-x86_64 | 1.1.0 | 93.00 | OK | |||
r-release-windows-x86_64 | 1.1.0 | 12.00 | 105.00 | 117.00 | OK | |
r-oldrel-macos-arm64 | 1.1.0 | 53.00 | OK | |||
r-oldrel-macos-x86_64 | 1.1.0 | 86.00 | OK | |||
r-oldrel-windows-x86_64 | 1.1.0 | 16.00 | 124.00 | 140.00 | OK |
Version: 1.1.0
Check: Rd cross-references
Result: NOTE
Found the following Rd file(s) with Rd \link{} targets missing package
anchors:
pseMer.Rd: merMod-class
xplode.Rd: merMod-class
Please provide package anchors for all Rd \link{} targets not in the
package itself and the base packages.
Flavor: r-devel-windows-x86_64