Last updated on 2025-11-03 12:49:57 CET.
| Flavor | Version | Tinstall | Tcheck | Ttotal | Status | Flags | 
|---|---|---|---|---|---|---|
| r-devel-linux-x86_64-debian-clang | 0.1.0 | 3.67 | 293.77 | 297.44 | NOTE | |
| r-devel-linux-x86_64-debian-gcc | 0.1.0 | 3.62 | 195.99 | 199.61 | NOTE | |
| r-devel-linux-x86_64-fedora-clang | 0.1.0 | 20.00 | 487.07 | 507.07 | OK | |
| r-devel-linux-x86_64-fedora-gcc | 0.1.0 | 11.00 | OK | |||
| r-devel-windows-x86_64 | 0.1.0 | 6.00 | 310.00 | 316.00 | OK | |
| r-patched-linux-x86_64 | 0.1.0 | 4.64 | 273.78 | 278.42 | OK | |
| r-release-linux-x86_64 | 0.1.0 | 3.87 | 300.21 | 304.08 | OK | |
| r-release-macos-arm64 | 0.1.0 | 2.00 | 140.00 | 142.00 | OK | |
| r-release-macos-x86_64 | 0.1.0 | 3.00 | 336.00 | 339.00 | OK | |
| r-release-windows-x86_64 | 0.1.0 | 7.00 | 300.00 | 307.00 | OK | |
| r-oldrel-macos-arm64 | 0.1.0 | 2.00 | 147.00 | 149.00 | OK | |
| r-oldrel-macos-x86_64 | 0.1.0 | 3.00 | 294.00 | 297.00 | OK | |
| r-oldrel-windows-x86_64 | 0.1.0 | 9.00 | 414.00 | 423.00 | OK | 
Version: 0.1.0
Check: CRAN incoming feasibility
Result: NOTE
  Maintainer: ‘Gabriele Lubatti <gabriele.lubatti@helmholtz-muenchen.de>’
  
  No Authors@R field in DESCRIPTION.
  Please add one, modifying
    Authors@R: person(given = "Gabriele",
                      family = "Lubatti",
                      role = c("aut", "cre"),
                      email = "gabriele.lubatti@helmholtz-muenchen.de")
  as necessary.
Flavors: r-devel-linux-x86_64-debian-clang, r-devel-linux-x86_64-debian-gcc