Last updated on 2024-07-18 01:55:36 CEST.
Flavor | Version | Tinstall | Tcheck | Ttotal | Status | Flags |
---|---|---|---|---|---|---|
r-devel-linux-x86_64-debian-clang | 0.5 | 9.67 | 96.94 | 106.61 | OK | |
r-devel-linux-x86_64-debian-gcc | 0.5 | 7.15 | 72.21 | 79.36 | OK | |
r-devel-linux-x86_64-fedora-clang | 0.5 | 133.54 | OK | |||
r-devel-linux-x86_64-fedora-gcc | 0.5 | 139.17 | OK | |||
r-devel-windows-x86_64 | 0.5 | 8.00 | 89.00 | 97.00 | NOTE | |
r-patched-linux-x86_64 | 0.5 | 9.52 | 94.89 | 104.41 | OK | |
r-release-linux-x86_64 | 0.5 | 7.77 | 93.36 | 101.13 | OK | |
r-release-macos-arm64 | 0.5 | 42.00 | OK | |||
r-release-macos-x86_64 | 0.5 | 65.00 | OK | |||
r-release-windows-x86_64 | 0.5 | 8.00 | 88.00 | 96.00 | OK | |
r-oldrel-macos-arm64 | 0.5 | 47.00 | OK | |||
r-oldrel-macos-x86_64 | 0.5 | 75.00 | OK | |||
r-oldrel-windows-x86_64 | 0.5 | 11.00 | 105.00 | 116.00 | OK |
Version: 0.5
Check: Rd cross-references
Result: NOTE
Found the following Rd file(s) with Rd \link{} targets missing package
anchors:
fit.lasso.Rd: glmnet, cv.glmnet
Please provide package anchors for all Rd \link{} targets not in the
package itself and the base packages.
Flavor: r-devel-windows-x86_64