Last updated on 2025-11-03 12:49:56 CET.
| Flavor | Version | Tinstall | Tcheck | Ttotal | Status | Flags | 
|---|---|---|---|---|---|---|
| r-devel-linux-x86_64-debian-clang | 1.0.8 | 8.28 | 66.86 | 75.14 | NOTE | |
| r-devel-linux-x86_64-debian-gcc | 1.0.8 | 6.37 | 47.81 | 54.18 | NOTE | |
| r-devel-linux-x86_64-fedora-clang | 1.0.8 | 19.00 | 99.22 | 118.22 | OK | |
| r-devel-linux-x86_64-fedora-gcc | 1.0.8 | 19.00 | 107.88 | 126.88 | OK | |
| r-devel-windows-x86_64 | 1.0.8 | 10.00 | 78.00 | 88.00 | OK | |
| r-patched-linux-x86_64 | 1.0.8 | 9.40 | 62.57 | 71.97 | OK | |
| r-release-linux-x86_64 | 1.0.8 | 8.79 | 62.30 | 71.09 | OK | |
| r-release-macos-arm64 | 1.0.8 | 4.00 | 42.00 | 46.00 | OK | |
| r-release-macos-x86_64 | 1.0.8 | 8.00 | 70.00 | 78.00 | OK | |
| r-release-windows-x86_64 | 1.0.8 | 11.00 | 77.00 | 88.00 | OK | |
| r-oldrel-macos-arm64 | 1.0.8 | 4.00 | 36.00 | 40.00 | OK | |
| r-oldrel-macos-x86_64 | 1.0.8 | 6.00 | 56.00 | 62.00 | OK | |
| r-oldrel-windows-x86_64 | 1.0.8 | 14.00 | 101.00 | 115.00 | OK | 
Version: 1.0.8
Check: CRAN incoming feasibility
Result: NOTE
  Maintainer: ‘Gautier Paux <gautier@paux.fr>’
  
  No Authors@R field in DESCRIPTION.
  Please add one, modifying
    Authors@R: c(person(given = "Gautier",
                        family = "Paux",
                        role = c("aut", "cre"),
                        email = "gautier@paux.fr"),
                 person(given = "Alex",
                        family = "Dmitrienko.",
                        role = "aut"))
  as necessary.
  
  Found the following (possibly) invalid file URI:
    URI: CaseStudy02
      From: inst/doc/case-studies.html
Flavors: r-devel-linux-x86_64-debian-clang, r-devel-linux-x86_64-debian-gcc