Last updated on 2025-11-03 12:49:57 CET.
| Flavor | Version | Tinstall | Tcheck | Ttotal | Status | Flags |
|---|---|---|---|---|---|---|
| r-devel-linux-x86_64-debian-clang | 3.7.5 | 112.27 | 259.69 | 371.96 | OK | |
| r-devel-linux-x86_64-debian-gcc | 3.7.5 | 78.31 | 158.43 | 236.74 | OK | |
| r-devel-linux-x86_64-fedora-clang | 3.7.5 | 320.00 | 298.83 | 618.83 | OK | |
| r-devel-linux-x86_64-fedora-gcc | 3.7.5 | 243.00 | 325.93 | 568.93 | OK | |
| r-devel-windows-x86_64 | 3.7.5 | 126.00 | 248.00 | 374.00 | OK | |
| r-patched-linux-x86_64 | 3.7.5 | 114.38 | 235.37 | 349.75 | OK | |
| r-release-linux-x86_64 | 3.7.5 | 114.50 | 239.20 | 353.70 | OK | |
| r-release-macos-arm64 | 3.7.5 | 46.00 | 78.00 | 124.00 | OK | |
| r-release-macos-x86_64 | 3.7.5 | 129.00 | 300.00 | 429.00 | OK | |
| r-release-windows-x86_64 | 3.7.5 | 125.00 | 247.00 | 372.00 | OK | |
| r-oldrel-macos-arm64 | 3.7.5 | 43.00 | 80.00 | 123.00 | NOTE | |
| r-oldrel-macos-x86_64 | 3.7.5 | 145.00 | 314.00 | 459.00 | NOTE | |
| r-oldrel-windows-x86_64 | 3.7.5 | 162.00 | 336.00 | 498.00 | NOTE |
Version: 3.7.5
Check: installed package size
Result: NOTE
installed size is 12.4Mb
sub-directories of 1Mb or more:
R 3.1Mb
data 4.5Mb
libs 4.0Mb
Flavors: r-oldrel-macos-arm64, r-oldrel-macos-x86_64, r-oldrel-windows-x86_64