Last updated on 2024-07-18 01:55:36 CEST.
Flavor | Version | Tinstall | Tcheck | Ttotal | Status | Flags |
---|---|---|---|---|---|---|
r-devel-linux-x86_64-debian-clang | 3.1.0 | 49.33 | 352.05 | 401.38 | OK | |
r-devel-linux-x86_64-debian-gcc | 3.1.0 | 37.01 | 247.58 | 284.59 | OK | |
r-devel-linux-x86_64-fedora-clang | 3.1.0 | 501.08 | OK | |||
r-devel-linux-x86_64-fedora-gcc | 3.1.0 | 494.83 | OK | |||
r-devel-windows-x86_64 | 3.1.0 | 40.00 | 248.00 | 288.00 | NOTE | |
r-patched-linux-x86_64 | 3.1.0 | 41.16 | 327.43 | 368.59 | OK | |
r-release-linux-x86_64 | 3.1.0 | 42.15 | 331.72 | 373.87 | OK | |
r-release-macos-arm64 | 3.1.0 | 128.00 | OK | |||
r-release-macos-x86_64 | 3.1.0 | 184.00 | OK | |||
r-release-windows-x86_64 | 3.1.0 | 40.00 | 251.00 | 291.00 | OK | |
r-oldrel-macos-arm64 | 3.1.0 | 141.00 | OK | |||
r-oldrel-macos-x86_64 | 3.1.0 | 222.00 | OK | |||
r-oldrel-windows-x86_64 | 3.1.0 | 52.00 | 317.00 | 369.00 | OK |
Version: 3.1.0
Check: Rd cross-references
Result: NOTE
Found the following Rd file(s) with Rd \link{} targets missing package
anchors:
CompareMethodsNodeOrdering.Rd: pc, pc.stable, mmpc, mmhc, hc
CompareMethodsVStructure.Rd: pc, pc.stable, mmpc, mmhc, hc
CutModules.Rd: cut2
EdgeOrientation.Rd: graph-class
MRPC.Rd: pc, ci.test, gaussCItest, graph-class
MRPCclass.Rd: pcAlgo-class, skeleton, pc, graph-class
ModiSkeleton.Rd: skeleton, pc, ci.test, graph-class
PlotDendrogram.Rd: plotDendroAndColors
PlotGraphWithModules.Rd: ggnet2
data_with_outliers.Rd: pc, pc.stable, mmpc, mmhc, hc
data_without_outliers.Rd: pc, pc.stable, mmpc, mmhc, hc
Please provide package anchors for all Rd \link{} targets not in the
package itself and the base packages.
Flavor: r-devel-windows-x86_64