Last updated on 2025-11-03 12:49:57 CET.
| Flavor | Version | Tinstall | Tcheck | Ttotal | Status | Flags | 
|---|---|---|---|---|---|---|
| r-devel-linux-x86_64-debian-clang | 1.0 | 9.07 | 80.70 | 89.77 | NOTE | |
| r-devel-linux-x86_64-debian-gcc | 1.0 | 6.07 | 58.39 | 64.46 | NOTE | |
| r-devel-linux-x86_64-fedora-clang | 1.0 | 34.00 | 105.98 | 139.98 | OK | |
| r-devel-linux-x86_64-fedora-gcc | 1.0 | 16.00 | 123.21 | 139.21 | OK | |
| r-devel-windows-x86_64 | 1.0 | 9.00 | 108.00 | 117.00 | OK | |
| r-patched-linux-x86_64 | 1.0 | 8.98 | 77.34 | 86.32 | OK | |
| r-release-linux-x86_64 | 1.0 | 8.36 | 77.11 | 85.47 | OK | |
| r-release-macos-arm64 | 1.0 | 5.00 | 62.00 | 67.00 | OK | |
| r-release-macos-x86_64 | 1.0 | 9.00 | 109.00 | 118.00 | OK | |
| r-release-windows-x86_64 | 1.0 | 8.00 | 107.00 | 115.00 | OK | |
| r-oldrel-macos-arm64 | 1.0 | 4.00 | 50.00 | 54.00 | OK | |
| r-oldrel-macos-x86_64 | 1.0 | 6.00 | 72.00 | 78.00 | OK | |
| r-oldrel-windows-x86_64 | 1.0 | 12.00 | 130.00 | 142.00 | OK | 
Version: 1.0
Check: CRAN incoming feasibility
Result: NOTE
  Maintainer: ‘Ricardo Pio Monti <ricardo.monti08@gmail.com>’
  
  No Authors@R field in DESCRIPTION.
  Please add one, modifying
    Authors@R: c(person(given = c("Ricardo", "Pio"),
                        family = "Monti",
                        role = c("aut", "cre"),
                        email = "ricardo.monti08@gmail.com"),
                 person(given = "Christoforos",
                        family = "Anagnostopoulos",
                        role = "aut"),
                 person(given = "Giovanni",
                        family = "Montana",
                        role = "aut"))
  as necessary.
Flavors: r-devel-linux-x86_64-debian-clang, r-devel-linux-x86_64-debian-gcc