CRAN Package Check Results for Package MBSGS

Last updated on 2025-07-04 00:50:08 CEST.

Flavor Version Tinstall Tcheck Ttotal Status Flags
r-devel-linux-x86_64-debian-clang 1.1.0 8.40 69.11 77.51 NOTE
r-devel-linux-x86_64-debian-gcc 1.1.0 6.32 50.95 57.27 NOTE
r-devel-linux-x86_64-fedora-clang 1.1.0 118.69 OK
r-devel-linux-x86_64-fedora-gcc 1.1.0 114.96 OK
r-devel-windows-x86_64 1.1.0 10.00 77.00 87.00 OK
r-patched-linux-x86_64 1.1.0 9.27 65.89 75.16 OK
r-release-linux-x86_64 1.1.0 7.88 65.76 73.64 OK
r-release-macos-arm64 1.1.0 42.00 OK
r-release-macos-x86_64 1.1.0 78.00 OK
r-release-windows-x86_64 1.1.0 9.00 77.00 86.00 OK
r-oldrel-macos-arm64 1.1.0 35.00 OK
r-oldrel-macos-x86_64 1.1.0 54.00 OK
r-oldrel-windows-x86_64 1.1.0 14.00 96.00 110.00 OK

Check Details

Version: 1.1.0
Check: CRAN incoming feasibility
Result: NOTE Maintainer: ‘Benoit Liquet <benoit.liquet@qut.edu.au>’ No Authors@R field in DESCRIPTION. Please add one, modifying Authors@R: c(person(given = "Benoit", family = "Liquet", role = c("aut", "cre"), email = "benoit.liquet@qut.edu.au"), person(given = "Matthew", family = "Sutton", role = "aut")) as necessary. Flavors: r-devel-linux-x86_64-debian-clang, r-devel-linux-x86_64-debian-gcc