Last updated on 2025-11-03 12:49:56 CET.
| Flavor | Version | Tinstall | Tcheck | Ttotal | Status | Flags | 
|---|---|---|---|---|---|---|
| r-devel-linux-x86_64-debian-clang | 1.1.0 | 7.99 | 70.18 | 78.17 | NOTE | |
| r-devel-linux-x86_64-debian-gcc | 1.1.0 | 6.72 | 51.88 | 58.60 | NOTE | |
| r-devel-linux-x86_64-fedora-clang | 1.1.0 | 60.00 | 69.31 | 129.31 | OK | |
| r-devel-linux-x86_64-fedora-gcc | 1.1.0 | 18.00 | 95.73 | 113.73 | OK | |
| r-devel-windows-x86_64 | 1.1.0 | 9.00 | 74.00 | 83.00 | OK | |
| r-patched-linux-x86_64 | 1.1.0 | 8.68 | 66.46 | 75.14 | OK | |
| r-release-linux-x86_64 | 1.1.0 | 8.59 | 67.44 | 76.03 | OK | |
| r-release-macos-arm64 | 1.1.0 | 5.00 | 37.00 | 42.00 | OK | |
| r-release-macos-x86_64 | 1.1.0 | 9.00 | 69.00 | 78.00 | OK | |
| r-release-windows-x86_64 | 1.1.0 | 9.00 | 74.00 | 83.00 | OK | |
| r-oldrel-macos-arm64 | 1.1.0 | 4.00 | 31.00 | 35.00 | OK | |
| r-oldrel-macos-x86_64 | 1.1.0 | 6.00 | 48.00 | 54.00 | OK | |
| r-oldrel-windows-x86_64 | 1.1.0 | 13.00 | 92.00 | 105.00 | OK | 
Version: 1.1.0
Check: CRAN incoming feasibility
Result: NOTE
  Maintainer: ‘Benoit Liquet <benoit.liquet@qut.edu.au>’
  
  No Authors@R field in DESCRIPTION.
  Please add one, modifying
    Authors@R: c(person(given = "Benoit",
                        family = "Liquet",
                        role = c("aut", "cre"),
                        email = "benoit.liquet@qut.edu.au"),
                 person(given = "Matthew",
                        family = "Sutton",
                        role = "aut"))
  as necessary.
Flavors: r-devel-linux-x86_64-debian-clang, r-devel-linux-x86_64-debian-gcc