Last updated on 2025-07-04 00:50:08 CEST.
Flavor | Version | Tinstall | Tcheck | Ttotal | Status | Flags |
---|---|---|---|---|---|---|
r-devel-linux-x86_64-debian-clang | 0.0.2 | 15.62 | 56.11 | 71.73 | NOTE | |
r-devel-linux-x86_64-debian-gcc | 0.0.2 | 11.09 | 41.25 | 52.34 | NOTE | |
r-devel-linux-x86_64-fedora-clang | 0.0.2 | 115.43 | OK | |||
r-devel-linux-x86_64-fedora-gcc | 0.0.2 | 123.71 | OK | |||
r-devel-windows-x86_64 | 0.0.2 | 17.00 | 357.00 | 374.00 | OK | |
r-patched-linux-x86_64 | 0.0.2 | 14.67 | 52.81 | 67.48 | OK | |
r-release-linux-x86_64 | 0.0.2 | 15.28 | 52.90 | 68.18 | OK | |
r-release-macos-arm64 | 0.0.2 | 130.00 | OK | |||
r-release-macos-x86_64 | 0.0.2 | 290.00 | OK | |||
r-release-windows-x86_64 | 0.0.2 | 19.00 | 358.00 | 377.00 | OK | |
r-oldrel-macos-arm64 | 0.0.2 | 115.00 | OK | |||
r-oldrel-macos-x86_64 | 0.0.2 | 217.00 | OK | |||
r-oldrel-windows-x86_64 | 0.0.2 | 24.00 | 446.00 | 470.00 | OK |
Version: 0.0.2
Check: CRAN incoming feasibility
Result: NOTE
Maintainer: ‘Meilin Jiang <meilin.jiang@ufl.edu>’
The Description field contains
<arXiv:2301.10064> for more details.
Please refer to arXiv e-prints via their arXiv DOI <doi:10.48550/arXiv.YYMM.NNNNN>.
Flavors: r-devel-linux-x86_64-debian-clang, r-devel-linux-x86_64-debian-gcc