Last updated on 2024-06-14 00:53:48 CEST.
Flavor | Version | Tinstall | Tcheck | Ttotal | Status | Flags |
---|---|---|---|---|---|---|
r-devel-linux-x86_64-debian-clang | 0.1.0 | 8.89 | 114.67 | 123.56 | OK | |
r-devel-linux-x86_64-debian-gcc | 0.1.0 | 0.35 | 1.84 | 2.19 | ERROR | |
r-devel-linux-x86_64-fedora-clang | 0.1.0 | 161.66 | OK | |||
r-devel-linux-x86_64-fedora-gcc | 0.1.0 | 172.66 | OK | |||
r-devel-windows-x86_64 | 0.1.0 | 10.00 | 104.00 | 114.00 | OK | |
r-patched-linux-x86_64 | 0.1.0 | 12.72 | 117.21 | 129.93 | OK | |
r-release-linux-x86_64 | 0.1.0 | 10.44 | 116.67 | 127.11 | OK | |
r-release-macos-arm64 | 0.1.0 | 57.00 | OK | |||
r-release-macos-x86_64 | 0.1.0 | 82.00 | OK | |||
r-release-windows-x86_64 | 0.1.0 | 12.00 | 104.00 | 116.00 | OK | |
r-oldrel-macos-arm64 | 0.1.0 | 59.00 | OK | |||
r-oldrel-macos-x86_64 | 0.1.0 | 93.00 | OK | |||
r-oldrel-windows-x86_64 | 0.1.0 | 15.00 | 121.00 | 136.00 | OK |
Version: 0.1.0
Check: package dependencies
Result: ERROR
Packages required but not available: 'dplyr', 'InterSIM'
See section ‘The DESCRIPTION file’ in the ‘Writing R Extensions’
manual.
Flavor: r-devel-linux-x86_64-debian-gcc