Last updated on 2024-07-18 01:55:35 CEST.
Flavor | Version | Tinstall | Tcheck | Ttotal | Status | Flags |
---|---|---|---|---|---|---|
r-devel-linux-x86_64-debian-clang | 1.6-9 | 23.61 | 105.94 | 129.55 | OK | |
r-devel-linux-x86_64-debian-gcc | 1.6-9 | 20.14 | 76.16 | 96.30 | OK | |
r-devel-linux-x86_64-fedora-clang | 1.6-9 | 159.94 | NOTE | |||
r-devel-linux-x86_64-fedora-gcc | 1.6-9 | 179.01 | OK | |||
r-devel-windows-x86_64 | 1.6-9 | 38.00 | 122.00 | 160.00 | OK | |
r-patched-linux-x86_64 | 1.6-9 | 23.34 | 98.97 | 122.31 | OK | |
r-release-linux-x86_64 | 1.6-9 | 23.69 | 100.27 | 123.96 | OK | |
r-release-macos-arm64 | 1.6-9 | 72.00 | OK | |||
r-release-macos-x86_64 | 1.6-9 | 89.00 | OK | |||
r-release-windows-x86_64 | 1.6-9 | 37.00 | 119.00 | 156.00 | OK | |
r-oldrel-macos-arm64 | 1.6-9 | 72.00 | OK | |||
r-oldrel-macos-x86_64 | 1.6-9 | 193.00 | OK | |||
r-oldrel-windows-x86_64 | 1.6-9 | 39.00 | 131.00 | 170.00 | OK |
Version: 1.6-9
Check: Rd cross-references
Result: NOTE
Undeclared package ‘colorspace’ in Rd xrefs
Flavor: r-devel-linux-x86_64-fedora-clang