Last updated on 2025-11-03 12:49:55 CET.
| Flavor | Version | Tinstall | Tcheck | Ttotal | Status | Flags | 
|---|---|---|---|---|---|---|
| r-devel-linux-x86_64-debian-clang | 0.1.3 | 8.45 | 81.11 | 89.56 | NOTE | |
| r-devel-linux-x86_64-debian-gcc | 0.1.3 | 5.95 | 54.57 | 60.52 | NOTE | |
| r-devel-linux-x86_64-fedora-clang | 0.1.3 | 91.00 | 61.73 | 152.73 | OK | |
| r-devel-linux-x86_64-fedora-gcc | 0.1.3 | 17.00 | 112.77 | 129.77 | OK | |
| r-devel-windows-x86_64 | 0.1.3 | 11.00 | 86.00 | 97.00 | OK | |
| r-patched-linux-x86_64 | 0.1.3 | 8.27 | 75.04 | 83.31 | OK | |
| r-release-linux-x86_64 | 0.1.3 | 7.90 | 74.96 | 82.86 | OK | |
| r-release-macos-arm64 | 0.1.3 | 3.00 | 32.00 | 35.00 | OK | |
| r-release-macos-x86_64 | 0.1.3 | 9.00 | 82.00 | 91.00 | OK | |
| r-release-windows-x86_64 | 0.1.3 | 11.00 | 85.00 | 96.00 | OK | |
| r-oldrel-macos-arm64 | 0.1.3 | 4.00 | 32.00 | 36.00 | NOTE | |
| r-oldrel-macos-x86_64 | 0.1.3 | 5.00 | 43.00 | 48.00 | NOTE | |
| r-oldrel-windows-x86_64 | 0.1.3 | 15.00 | 106.00 | 121.00 | NOTE | 
Version: 0.1.3
Check: CRAN incoming feasibility
Result: NOTE
  Maintainer: ‘Xiangyu Zhang <zhan6004@umn.edu>’
  
  No Authors@R field in DESCRIPTION.
  Please add one, modifying
    Authors@R: c(person(given = "Xiangyu",
                        family = "Zhang",
                        role = c("aut", "cre"),
                        email = "zhan6004@umn.edu"),
                 person(given = "Sara",
                        family = "Algeri",
                        role = "aut",
                        email = "salgeri@umn.edu"))
  as necessary.
  
  The Description field contains
    Algeri S. and Zhang X. (2020) <arXiv:2005.13011>.
  Please refer to arXiv e-prints via their arXiv DOI <doi:10.48550/arXiv.YYMM.NNNNN>.
Flavors: r-devel-linux-x86_64-debian-clang, r-devel-linux-x86_64-debian-gcc
Version: 0.1.3
Check: LazyData
Result: NOTE
    'LazyData' is specified without a 'data' directory
Flavors: r-oldrel-macos-arm64, r-oldrel-macos-x86_64, r-oldrel-windows-x86_64