Last updated on 2025-11-03 12:49:55 CET.
| Flavor | Version | Tinstall | Tcheck | Ttotal | Status | Flags | 
|---|---|---|---|---|---|---|
| r-devel-linux-x86_64-debian-clang | 1.0 | 9.48 | 79.37 | 88.85 | NOTE | |
| r-devel-linux-x86_64-debian-gcc | 1.0 | 6.09 | 56.04 | 62.13 | NOTE | |
| r-devel-linux-x86_64-fedora-clang | 1.0 | 45.00 | 101.85 | 146.85 | OK | |
| r-devel-linux-x86_64-fedora-gcc | 1.0 | 18.00 | 109.74 | 127.74 | OK | |
| r-devel-windows-x86_64 | 1.0 | 10.00 | 90.00 | 100.00 | OK | |
| r-patched-linux-x86_64 | 1.0 | 8.76 | 74.45 | 83.21 | OK | |
| r-release-linux-x86_64 | 1.0 | 9.51 | 74.83 | 84.34 | OK | |
| r-release-macos-arm64 | 1.0 | 4.00 | 35.00 | 39.00 | OK | |
| r-release-macos-x86_64 | 1.0 | 17.00 | 93.00 | 110.00 | OK | |
| r-release-windows-x86_64 | 1.0 | 10.00 | 88.00 | 98.00 | OK | |
| r-oldrel-macos-arm64 | 1.0 | 4.00 | 36.00 | 40.00 | OK | |
| r-oldrel-macos-x86_64 | 1.0 | 6.00 | 51.00 | 57.00 | OK | |
| r-oldrel-windows-x86_64 | 1.0 | 13.00 | 107.00 | 120.00 | OK | 
Version: 1.0
Check: CRAN incoming feasibility
Result: NOTE
  Maintainer: ‘Zihuai He <zihuai@umich.edu>’
  
  No Authors@R field in DESCRIPTION.
  Please add one, modifying
    Authors@R: person(given = "Zihuai",
                      family = "He",
                      role = c("aut", "cre"),
                      email = "zihuai@umich.edu")
  as necessary.
Flavors: r-devel-linux-x86_64-debian-clang, r-devel-linux-x86_64-debian-gcc