Last updated on 2024-07-18 01:55:34 CEST.
Flavor | Version | Tinstall | Tcheck | Ttotal | Status | Flags |
---|---|---|---|---|---|---|
r-devel-linux-x86_64-debian-clang | 0.6-19 | 58.68 | 55.95 | 114.63 | OK | |
r-devel-linux-x86_64-debian-gcc | 0.7-22 | 44.86 | 41.87 | 86.73 | OK | |
r-devel-linux-x86_64-fedora-clang | 0.7-22 | 116.35 | OK | |||
r-devel-linux-x86_64-fedora-gcc | 0.7-22 | 161.47 | OK | |||
r-devel-windows-x86_64 | 0.6-19 | 51.00 | 87.00 | 138.00 | NOTE | |
r-patched-linux-x86_64 | 0.6-19 | 52.05 | 55.33 | 107.38 | OK | |
r-release-linux-x86_64 | 0.6-19 | 47.21 | 54.33 | 101.54 | OK | |
r-release-macos-arm64 | 0.7-22 | 40.00 | OK | |||
r-release-macos-x86_64 | 0.7-22 | 81.00 | OK | |||
r-release-windows-x86_64 | 0.7-22 | 55.00 | 105.00 | 160.00 | OK | |
r-oldrel-macos-arm64 | 0.7-22 | 43.00 | OK | |||
r-oldrel-macos-x86_64 | 0.7-22 | 92.00 | OK | |||
r-oldrel-windows-x86_64 | 0.6-19 | 61.00 | 100.00 | 161.00 | OK |
Version: 0.6-19
Check: Rd cross-references
Result: NOTE
Found the following Rd file(s) with Rd \link{} targets missing package
anchors:
mlnormal.Rd: prior_model_parse
Please provide package anchors for all Rd \link{} targets not in the
package itself and the base packages.
Flavor: r-devel-windows-x86_64