Last updated on 2024-08-17 02:48:17 CEST.
Flavor | Version | Tinstall | Tcheck | Ttotal | Status | Flags |
---|---|---|---|---|---|---|
r-devel-linux-x86_64-debian-clang | 2.1.0 | 11.97 | 117.92 | 129.89 | NOTE | |
r-devel-linux-x86_64-debian-gcc | 2.1.0 | 8.83 | 79.29 | 88.12 | NOTE | |
r-devel-linux-x86_64-fedora-clang | 2.1.0 | 212.16 | OK | |||
r-devel-linux-x86_64-fedora-gcc | 2.1.0 | 202.12 | OK | |||
r-devel-windows-x86_64 | 2.1.0 | 13.00 | 126.00 | 139.00 | NOTE | |
r-patched-linux-x86_64 | 2.1.0 | 17.81 | 110.79 | 128.60 | OK | |
r-release-linux-x86_64 | 2.1.0 | 12.95 | 111.10 | 124.05 | OK | |
r-release-macos-arm64 | 2.1.0 | 57.00 | OK | |||
r-release-macos-x86_64 | 2.1.0 | 106.00 | OK | |||
r-release-windows-x86_64 | 2.1.0 | 15.00 | 128.00 | 143.00 | OK | |
r-oldrel-macos-arm64 | 2.1.0 | 63.00 | OK | |||
r-oldrel-macos-x86_64 | 2.1.0 | 155.00 | OK | |||
r-oldrel-windows-x86_64 | 2.1.0 | 18.00 | 149.00 | 167.00 | OK |
Version: 2.1.0
Check: Rd cross-references
Result: NOTE
Found the following Rd file(s) with Rd \link{} targets missing package
anchors:
convertIBD.Rd: pedtools
logL.UKX.Rd: logL.UK
logLX.Rd: logL
mixMLX.Rd: mixML
pedigreeIBD.Rd: pedtools
wlr.Rd: map.genotypes
Please provide package anchors for all Rd \link{} targets not in the
package itself and the base packages.
Flavors: r-devel-linux-x86_64-debian-clang, r-devel-linux-x86_64-debian-gcc, r-devel-windows-x86_64