Last updated on 2025-11-21 12:49:54 CET.
| Flavor | Version | Tinstall | Tcheck | Ttotal | Status | Flags |
|---|---|---|---|---|---|---|
| r-devel-linux-x86_64-debian-clang | 0.1.2-2 | 3.68 | 50.06 | 53.74 | OK | |
| r-devel-linux-x86_64-debian-gcc | 0.1.2-2 | 2.83 | 37.62 | 40.45 | OK | |
| r-devel-linux-x86_64-fedora-clang | 0.1.2-2 | 78.01 | OK | |||
| r-devel-linux-x86_64-fedora-gcc | 0.1.2-2 | 16.00 | 77.17 | 93.17 | OK | |
| r-devel-windows-x86_64 | 0.1.2-2 | 4.00 | 80.00 | 84.00 | OK | |
| r-patched-linux-x86_64 | 0.1.2-2 | 4.29 | 47.53 | 51.82 | OK | |
| r-release-linux-x86_64 | 0.1.2-2 | 3.31 | 47.75 | 51.06 | OK | |
| r-release-macos-arm64 | 0.1.2-2 | WARN | ||||
| r-release-macos-x86_64 | 0.1.2-2 | 3.00 | 66.00 | 69.00 | OK | |
| r-release-windows-x86_64 | 0.1.2-2 | 5.00 | 77.00 | 82.00 | OK | |
| r-oldrel-macos-arm64 | 0.1.2-2 | WARN | ||||
| r-oldrel-macos-x86_64 | 0.1.2-2 | 6.00 | 118.00 | 124.00 | OK | |
| r-oldrel-windows-x86_64 | 0.1.2-2 | 10.00 | 81.00 | 91.00 | OK |
Version: 0.1.2-2
Check: re-building of vignette outputs
Result: WARN
Error(s) in re-building vignettes:
--- re-building ‘Instruction_of_functions_of_R_package_KINSIMU.Rnw’ using Sweave
Error: processing vignette 'Instruction_of_functions_of_R_package_KINSIMU.Rnw' failed with diagnostics:
Running 'texi2dvi' on 'Instruction_of_functions_of_R_package_KINSIMU.tex' failed.
LaTeX errors:
! LaTeX Error: Command \gather already defined.
Or name \end... illegal, see p.192 of the manual.
See the LaTeX manual or LaTeX Companion for explanation.
Type H <return> for immediate help.
! Emergency stop.
...
l.1560 }
! ==> Fatal error occurred, no output PDF file produced!
--- failed re-building ‘Instruction_of_functions_of_R_package_KINSIMU.Rnw’
SUMMARY: processing the following file failed:
‘Instruction_of_functions_of_R_package_KINSIMU.Rnw’
Error: Vignette re-building failed.
Execution halted
Flavors: r-release-macos-arm64, r-oldrel-macos-arm64