Last updated on 2025-11-03 12:49:54 CET.
| Flavor | Version | Tinstall | Tcheck | Ttotal | Status | Flags | 
|---|---|---|---|---|---|---|
| r-devel-linux-x86_64-debian-clang | 2.1.0 | 10.74 | 53.03 | 63.77 | OK | |
| r-devel-linux-x86_64-debian-gcc | 2.1.0 | 7.77 | 43.58 | 51.35 | OK | |
| r-devel-linux-x86_64-fedora-clang | 2.1.0 | 40.00 | 61.12 | 101.12 | NOTE | |
| r-devel-linux-x86_64-fedora-gcc | 2.1.0 | 19.00 | 83.69 | 102.69 | NOTE | |
| r-devel-windows-x86_64 | 2.1.0 | 15.00 | 107.00 | 122.00 | OK | |
| r-patched-linux-x86_64 | 2.1.0 | 10.40 | 50.77 | 61.17 | OK | |
| r-release-linux-x86_64 | 2.1.0 | 10.65 | 50.93 | 61.58 | OK | |
| r-release-macos-arm64 | 2.1.0 | 6.00 | 47.00 | 53.00 | OK | |
| r-release-macos-x86_64 | 2.1.0 | 8.00 | 118.00 | 126.00 | OK | |
| r-release-windows-x86_64 | 2.1.0 | 14.00 | 105.00 | 119.00 | OK | |
| r-oldrel-macos-arm64 | 2.1.0 | 6.00 | 43.00 | 49.00 | OK | |
| r-oldrel-macos-x86_64 | 2.1.0 | 8.00 | 90.00 | 98.00 | OK | |
| r-oldrel-windows-x86_64 | 2.1.0 | 18.00 | 120.00 | 138.00 | OK | 
Version: 2.1.0
Check: dependencies in R code
Result: NOTE
  Namespace in Imports field not imported from: ‘doParallel’
    All declared Imports should be used.
Flavors: r-devel-linux-x86_64-fedora-clang, r-devel-linux-x86_64-fedora-gcc