Last updated on 2025-11-03 12:49:54 CET.
| Flavor | Version | Tinstall | Tcheck | Ttotal | Status | Flags | 
|---|---|---|---|---|---|---|
| r-devel-linux-x86_64-debian-clang | 0.10.2 | 3.16 | 41.46 | 44.62 | OK | |
| r-devel-linux-x86_64-debian-gcc | 0.10.2 | 2.23 | 32.71 | 34.94 | OK | |
| r-devel-linux-x86_64-fedora-clang | 0.10.2 | 11.00 | 58.99 | 69.99 | NOTE | |
| r-devel-linux-x86_64-fedora-gcc | 0.10.2 | 77.65 | NOTE | |||
| r-devel-windows-x86_64 | 0.10.2 | 5.00 | 60.00 | 65.00 | OK | |
| r-patched-linux-x86_64 | 0.10.2 | 3.34 | 38.30 | 41.64 | OK | |
| r-release-linux-x86_64 | 0.10.2 | 3.05 | 38.47 | 41.52 | OK | |
| r-release-macos-arm64 | 0.10.2 | 2.00 | 33.00 | 35.00 | OK | |
| r-release-macos-x86_64 | 0.10.2 | 2.00 | 55.00 | 57.00 | OK | |
| r-release-windows-x86_64 | 0.10.2 | 6.00 | 59.00 | 65.00 | OK | |
| r-oldrel-macos-arm64 | 0.10.2 | 1.00 | 30.00 | 31.00 | NOTE | |
| r-oldrel-macos-x86_64 | 0.10.2 | 2.00 | 59.00 | 61.00 | NOTE | |
| r-oldrel-windows-x86_64 | 0.10.2 | 7.00 | 71.00 | 78.00 | NOTE | 
Version: 0.10.2
Check: dependencies in R code
Result: NOTE
  Namespace in Imports field not imported from: ‘ids’
    All declared Imports should be used.
Flavors: r-devel-linux-x86_64-fedora-clang, r-devel-linux-x86_64-fedora-gcc
Version: 0.10.2
Check: installed package size
Result: NOTE
    installed size is  6.1Mb
    sub-directories of 1Mb or more:
      htmlwidgets   5.7Mb
Flavors: r-oldrel-macos-arm64, r-oldrel-macos-x86_64, r-oldrel-windows-x86_64